{"id":19275,"date":"2026-03-26T03:49:35","date_gmt":"2026-03-26T03:49:35","guid":{"rendered":"http:\/\/haywire.pl\/?page_id=19275"},"modified":"2026-03-26T03:49:35","modified_gmt":"2026-03-26T03:49:35","slug":"prehlad-kamagry-effervescent","status":"publish","type":"page","link":"http:\/\/haywire.pl\/?page_id=19275","title":{"rendered":"Preh\u013ead Kamagry Effervescent"},"content":{"rendered":"<h1>Porovnanie Kamagry Effervescent s in\u00fdmi liekmi<\/h1>\n<p>Kamagra Effervescent je popul\u00e1rnou vo\u013ebou na lie\u010dbu erektilnej dysfunkcie, ale ako sa vyrovn\u00e1 in\u00fdm liekom, pokia\u013e ide o \u00fa\u010dinnos\u0165, cenu a pohodlie pou\u017e\u00edvate\u013ea?<\/p>\n<h2>Preh\u013ead Kamagry Effervescent<\/h2>\n<p>Kamagra Effervescent je variant zn\u00e1meho lieku na erektiln\u00fa dysfunkciu (ED) Kamagra. Vyzna\u010duje sa svojou formou \u0161umiv\u00fdch tabliet, ktor\u00e9 sa rozp\u00fa\u0161\u0165aj\u00fa vo vode a poskytuj\u00fa pohodln\u00fa a r\u00fdchlo p\u00f4sobiacu alternat\u00edvu k tradi\u010dn\u00fdm tablet\u00e1m. \u010casto sa pred\u00e1va ako dostupnej\u0161ia a chutnej\u0161ia vo\u013eba a z\u00edskala si ob\u013eubu medzi mu\u017emi h\u013eadaj\u00facimi lie\u010dbu ED.<\/p>\n<p>Akt\u00edvnou zlo\u017ekou Kamagry Effervescent je sildenafil citr\u00e1t, rovnak\u00e1 zl\u00fa\u010denina, ktor\u00e1 sa nach\u00e1dza vo Viagre. T\u00e1to zlo\u017eka funguje tak, \u017ee zvy\u0161uje prietok krvi do penisu, \u010d\u00edm u\u013eah\u010duje erekciu pri sexu\u00e1lnom vzru\u0161en\u00ed. Kamagra Effervescent sa \u010dasto vyber\u00e1 pre svoje jednoduch\u00e9 pou\u017eitie a r\u00fdchly n\u00e1stup \u00fa\u010dinku, ktor\u00fd sa zvy\u010dajne vyskytuje do 15 a\u017e 30 min\u00fat po po\u017eit\u00ed.<\/p>\n<h2>Ako funguje Kamagra Effervescent<\/h2>\n<p>Kamagra Effervescent p\u00f4sob\u00ed prostredn\u00edctvom akt\u00edvnej zlo\u017eky sildenafil citr\u00e1t, inhib\u00edtor fosfodiester\u00e1zy typu 5 (PDE5). Blokovan\u00edm tohto enz\u00fdmu sildenafil zvy\u0161uje \u00fa\u010dinky oxidu dusnat\u00e9ho, chemickej l\u00e1tky, ktor\u00e1 uvo\u013e\u0148uje hladk\u00e9 svaly v penise a zvy\u0161uje prietok krvi. Tento proces je nevyhnutn\u00fd na dosiahnutie a udr\u017eanie erekcie po\u010das sexu\u00e1lnej aktivity.<\/p>\n<p>Po rozpusten\u00ed vo vode sa Kamagra Effervescent r\u00fdchlo vstreb\u00e1va do krvn\u00e9ho obehu, \u010do umo\u017e\u0148uje r\u00fdchlej\u0161\u00ed n\u00e1stup v porovnan\u00ed s tradi\u010dn\u00fdmi tabletami. T\u00e1to r\u00fdchla absorpcia je v\u00fdhodn\u00e1 pre pou\u017e\u00edvate\u013eov, ktor\u00ed vy\u017eaduj\u00fa r\u00fdchlu reakciu, v\u010faka \u010domu je vhodnou vo\u013ebou pre spont\u00e1nne situ\u00e1cie. Na to, aby bola Kamagra Effervescent \u00fa\u010dinn\u00e1, je v\u0161ak potrebn\u00e1 sexu\u00e1lna stimul\u00e1cia, preto\u017ee samotn\u00e1 medik\u00e1cia nevyvol\u00e1va erekciu.<\/p>\n<h2>Kamagra \u0161umiv\u00e1 vs. Viagra: K\u013e\u00fa\u010dov\u00e9 rozdiely<\/h2>\n<p>Zatia\u013e \u010do Kamagra Effervescent aj Viagra obsahuj\u00fa sildenafil citr\u00e1t ako akt\u00edvnu zlo\u017eku, existuj\u00fa medzi nimi zna\u010dn\u00e9 rozdiely. Najzrejmej\u0161\u00edm rozdielom je forma, v akej sa pod\u00e1vaj\u00fa: Kamagra Effervescent sa dod\u00e1va v rozpustnej tablete, ktor\u00e1 sa rozp\u00fa\u0161\u0165a vo vode, zatia\u013e \u010do Viagra sa u\u017e\u00edva ako pevn\u00e1 tabletka.<\/p>\n<p>\u010eal\u0161\u00ed rozdiel spo\u010d\u00edva v \u010dase n\u00e1stupu. Kamagra Effervescent sa v\u010faka svojmu \u0161umiv\u00e9mu charakteru vstreb\u00e1va r\u00fdchlej\u0161ie, \u010do vedie k r\u00fdchlej\u0161iemu n\u00e1stupu \u00fa\u010dinku. To m\u00f4\u017ee by\u0165 v\u00fdhodn\u00e9 pre jednotlivcov, ktor\u00ed h\u013eadaj\u00fa okam\u017eit\u00e9 v\u00fdsledky. Niektor\u00ed u\u017e\u00edvatelia navy\u0161e uprednost\u0148uj\u00fa chu\u0165 Kamagra Effervescent pred tradi\u010dnou formou piluliek Viagry, pri\u010dom ju uv\u00e1dzaj\u00fa ako pr\u00edjemnej\u0161iu a \u013eah\u0161iu na po\u017eitie.<\/p>\n<h2>Porovnanie Kamagry Effervescent s Cialisom<\/h2>\n<p>Cialis, \u010fal\u0161\u00ed popul\u00e1rny liek proti ED, sa l\u00ed\u0161i od Kamagry Effervescent nieko\u013ek\u00fdmi sp\u00f4sobmi. Akt\u00edvnou zlo\u017ekou Cialisu je tadalafil, ktor\u00fd m\u00e1 ove\u013ea dlh\u0161\u00ed pol\u010das rozpadu ako sildenafil citr\u00e1t. To znamen\u00e1, \u017ee Cialis m\u00f4\u017ee zosta\u0165 \u00fa\u010dinn\u00fd a\u017e 36 hod\u00edn, \u010d\u00edm si vysl\u00fa\u017ei prez\u00fdvku &quot;v\u00edkendov\u00e1 tabletka.&quot;<\/p>\n<p>Naproti tomu Kamagra Effervescent poskytuje krat\u0161ie trvanie \u00fa\u010dinku, zvy\u010dajne trv\u00e1 \u0161tyri a\u017e \u0161es\u0165 hod\u00edn. Pre t\u00fdch, ktor\u00ed uprednost\u0148uj\u00fa spont\u00e1nnos\u0165 pred dlhotrvaj\u00facimi \u00fa\u010dinkami, m\u00f4\u017ee by\u0165 vhodnej\u0161ia Kamagra. Av\u0161ak pre pou\u017e\u00edvate\u013eov, ktor\u00ed si cenia dlh\u0161ie obdobie na sexu\u00e1lnu aktivitu bez potreby opakovan\u00e9ho d\u00e1vkovania, m\u00f4\u017ee by\u0165 Cialis lep\u0161ou vo\u013ebou.<\/p>\n<h2>Ved\u013eaj\u0161ie \u00fa\u010dinky Kamagry \u0161umiv\u00e9<\/h2>\n<p>Tak ako v\u0161etky lieky, aj Kamagra Effervescent m\u00f4\u017ee sp\u00f4sobova\u0165 ved\u013eaj\u0161ie \u00fa\u010dinky, hoci sa neprejavia u ka\u017ed\u00e9ho. \u010cast\u00e9 ved\u013eaj\u0161ie \u00fa\u010dinky zah\u0155\u0148aj\u00fa bolesti hlavy, s\u010dervenanie tv\u00e1re a poruchy tr\u00e1venia. Niektor\u00ed pou\u017e\u00edvatelia m\u00f4\u017eu tie\u017e poci\u0165ova\u0165 z\u00e1vraty alebo upchat\u00fd nos.<\/p>\n<p>Z\u00e1va\u017enej\u0161ie ved\u013eaj\u0161ie \u00fa\u010dinky s\u00fa zriedkav\u00e9, ale m\u00f4\u017eu <a href=\"https:\/\/bezpecnalekaren.net\/kamagra-sumiva-cena-online-bez-predpisu\">Kamagra Fizzy Tabs N\u00e1klady<\/a> zah\u0155\u0148a\u0165 n\u00e1hlu stratu zraku alebo poruchu sluchu. Ak sa vyskytn\u00fa z\u00e1va\u017en\u00e9 ved\u013eaj\u0161ie \u00fa\u010dinky, je d\u00f4le\u017eit\u00e9 vyh\u013eada\u0165 lek\u00e1rsku pomoc. Pou\u017e\u00edvate\u013eom sa tie\u017e odpor\u00fa\u010da vyhn\u00fa\u0165 sa alkoholu a grapefruitovej \u0161\u0165ave, preto\u017ee m\u00f4\u017eu zhor\u0161i\u0165 ved\u013eaj\u0161ie \u00fa\u010dinky alebo zn\u00ed\u017ei\u0165 \u00fa\u010dinnos\u0165 lieku.<\/p>\n<h2>\u00da\u010dinnos\u0165 Kamagry Effervescent v porovnan\u00ed s in\u00fdmi liekmi na ED<\/h2>\n<p>\u00da\u010dinnos\u0165 Kamagry Effervescent je porovnate\u013en\u00e1 s in\u00fdmi liekmi na b\u00e1ze sildenafilu, ako je Viagra. Klinick\u00e9 \u0161t\u00fadie nazna\u010duj\u00fa, \u017ee sildenafil je \u00fa\u010dinn\u00fd u pribli\u017ene 70 \u2013 80 % mu\u017eov s ED a o\u010dak\u00e1va sa, \u017ee Kamagra Effervescent bude fungova\u0165 podobne vzh\u013eadom na jeho identick\u00fa akt\u00edvnu zlo\u017eku.<\/p>\n<p>V porovnan\u00ed s in\u00fdmi liekmi proti ED, ako s\u00fa Cialis a Levitra, v\u00fdber \u010dasto z\u00e1vis\u00ed od individu\u00e1lnych preferenci\u00ed, pokia\u013e ide o \u010das n\u00e1stupu \u00fa\u010dinku, trvanie \u00fa\u010dinku a osobn\u00e9 sk\u00fasenosti s ved\u013eaj\u0161\u00edmi \u00fa\u010dinkami. Ka\u017ed\u00fd liek pon\u00faka jedine\u010dn\u00fd profil, ktor\u00fd m\u00f4\u017ee vyhovova\u0165 potreb\u00e1m r\u00f4znych pou\u017e\u00edvate\u013eov.<\/p>\n<h2>Porovnanie n\u00e1kladov: Kamagra Effervescent a alternat\u00edvy<\/h2>\n<p>Kamagra Effervescent sa \u010dasto pred\u00e1va ako cenovo v\u00fdhodn\u00e1 alternat\u00edva k Viagre a in\u00fdm zna\u010dkov\u00fdm liekom proti ED. Generick\u00e9 mo\u017enosti, ako je Kamagra, vo v\u0161eobecnosti pon\u00fakaj\u00fa zna\u010dn\u00e9 \u00faspory v porovnan\u00ed s ich zna\u010dkov\u00fdmi n\u00e1protivkami, v\u010faka \u010domu s\u00fa atrakt\u00edvne pre spotrebite\u013eov, ktor\u00ed dbaj\u00fa na rozpo\u010det.<\/p>\n<p>Je v\u0161ak d\u00f4le\u017eit\u00e9 zv\u00e1\u017ei\u0165 zdroj lieku, preto\u017ee trh s lie\u010dbou ED m\u00f4\u017ee zah\u0155\u0148a\u0165 fal\u0161ovan\u00e9 produkty. Pre bezpe\u010dnos\u0165 a \u00fa\u010dinnos\u0165 je nevyhnutn\u00e9 zabezpe\u010di\u0165, aby bola Kamagra Effervescent zak\u00fapen\u00e1 od renomovan\u00e9ho dod\u00e1vate\u013ea.<\/p>\n<h2>\u010cas n\u00e1stupu Kamagry Effervescent vs. In\u00e9 lie\u010dby<\/h2>\n<p>Kamagra Effervescent sa vyzna\u010duje r\u00fdchlym n\u00e1stupom \u00fa\u010dinku. Po rozpusten\u00ed vo vode m\u00f4\u017ee liek \u00fa\u010dinkova\u0165 do 15 a\u017e 30 min\u00fat, \u010do pon\u00faka r\u00fdchlej\u0161iu odozvu v porovnan\u00ed s tradi\u010dn\u00fdmi tabletami, ako je Viagra, \u010do m\u00f4\u017ee trva\u0165 a\u017e hodinu.<\/p>\n<p>Tento r\u00fdchly n\u00e1stup m\u00f4\u017ee by\u0165 obzvl\u00e1\u0161\u0165 prospe\u0161n\u00fd pre jednotlivcov, ktor\u00ed rad\u0161ej nepl\u00e1nuj\u00fa sexu\u00e1lnu aktivitu \u010faleko dopredu. Na rozdiel od toho, lieky ako Cialis, hoci ich \u00fa\u010dinnos\u0165 trv\u00e1 dlh\u0161ie, pon\u00fakaj\u00fa pred\u013a\u017een\u00e9 trvanie, ktor\u00e9 vyhovuj\u00fa r\u00f4znym potreb\u00e1m \u017eivotn\u00e9ho \u0161t\u00fdlu.<\/p>\n<h2>Sk\u00fasenosti pou\u017e\u00edvate\u013eov: Kamagra Effervescent vs. \u010eal\u0161ie mo\u017enosti ED<\/h2>\n<p>Sk\u00fasenosti pou\u017e\u00edvate\u013eov s Kamagrou Effervescent sa r\u00f4znia, pri\u010dom mnoh\u00ed ako hlavn\u00e9 v\u00fdhody uv\u00e1dzaj\u00fa jej r\u00fdchly n\u00e1stup a pohodln\u00fa formu. \u0160umiv\u00e1 tableta je \u010dasto popisovan\u00e1 ako chutnej\u0161ia a jej r\u00fdchle rozp\u00fa\u0161\u0165anie m\u00f4\u017ee by\u0165 pr\u00ed\u0165a\u017eliv\u00e9 pre t\u00fdch, ktor\u00ed nemaj\u00fa radi preh\u013atanie tabletiek.<\/p>\n<p>V porovnan\u00ed s in\u00fdmi mo\u017enos\u0165ami, ako s\u00fa Viagra alebo Cialis, spokojnos\u0165 u\u017e\u00edvate\u013ea \u010dasto z\u00e1vis\u00ed od individu\u00e1lnych preferenci\u00ed t\u00fdkaj\u00facich sa trvania a n\u00e1stupu \u00fa\u010dinku. Zatia\u013e \u010do niektor\u00ed u\u017e\u00edvatelia oce\u0148uj\u00fa dlhotrvaj\u00face \u00fa\u010dinky Cialisu, in\u00ed uprednost\u0148uj\u00fa bezprostrednos\u0165 Kamagry Effervescent.<\/p>\n<h2>Dostupnos\u0165 Kamagra Effervescent vo Ve\u013ekej Brit\u00e1nii<\/h2>\n<p>V Spojenom kr\u00e1\u013eovstve nem\u00e1 Kamagra Effervescent licenciu na predaj ako ofici\u00e1lny liek na predpis. To znamen\u00e1, \u017ee nem\u00f4\u017ee by\u0165 leg\u00e1lne pred\u00e1van\u00fd v lek\u00e1r\u0148ach alebo predpisovan\u00fd lek\u00e1rmi. .<\/p>\n<p>Spotrebite\u013eom, ktor\u00ed zva\u017euj\u00fa Kamagra Effervescent, sa odpor\u00fa\u010da, aby boli opatrn\u00ed a h\u013eadali alternat\u00edvy, ktor\u00e9 s\u00fa schv\u00e1len\u00e9 regula\u010dn\u00fdmi org\u00e1nmi, ako je Agent\u00fara pre regul\u00e1ciu liekov a zdravotn\u00edckych produktov (MHRA). Zabezpe\u010denie pravosti a bezpe\u010dnosti liekov je prvorad\u00e9.<\/p>\n<h2>Kamagra Effervescent: Po\u017eiadavky a predpisy na predpis<\/h2>\n<p>Kamagra Effervescent nie je schv\u00e1len\u00e1 na predpis v mnoh\u00fdch krajin\u00e1ch vr\u00e1tane Spojen\u00e9ho kr\u00e1\u013eovstva. V d\u00f4sledku toho sa \u010dasto nakupuje prostredn\u00edctvom neofici\u00e1lnych kan\u00e1lov, \u010do m\u00f4\u017ee predstavova\u0165 riziko z h\u013eadiska bezpe\u010dnosti a z\u00e1konnosti. Ofici\u00e1lna lie\u010dba ED si zvy\u010dajne vy\u017eaduje predpis po lek\u00e1rskej konzult\u00e1cii, aby sa zabezpe\u010dila vhodnos\u0165 a bezpe\u010dnos\u0165.<\/p>\n<p>Nariadenia t\u00fdkaj\u00face sa liekov na ED s\u00fa zaveden\u00e9 na ochranu spotrebite\u013eov pred potenci\u00e1lnymi ved\u013eaj\u0161\u00edmi \u00fa\u010dinkami a interakciami. Odpor\u00fa\u010da sa, aby sa jednotlivci pred zak\u00fapen\u00edm akejko\u013evek lie\u010dby ED, vr\u00e1tane Kamagra Effervescent, poradili so zdravotn\u00edckymi pracovn\u00edkmi, aby si potvrdili jej vhodnos\u0165 pre ich zdravotn\u00fd stav.<\/p>\n<h2>Interakcie Kamagry \u0161umiv\u00e9 s in\u00fdmi liekmi<\/h2>\n<p>Rovnako ako u in\u00fdch liekov na b\u00e1ze sildenafilu, aj Kamagra Effervescent m\u00f4\u017ee interagova\u0165 s ur\u010dit\u00fdmi liekmi, \u010do m\u00f4\u017ee vies\u0165 k ne\u017eiaducim \u00fa\u010dinkom. Pozoruhodn\u00e9 interakcie zah\u0155\u0148aj\u00fa dusi\u010dnany, \u010dasto predpisovan\u00e9 na boles\u0165 na hrudn\u00edku, \u010do m\u00f4\u017ee ma\u0165 za n\u00e1sledok nebezpe\u010dn\u00fd pokles krvn\u00e9ho tlaku v kombin\u00e1cii s Kamagrou.<\/p>\n<p>Okrem toho niektor\u00e9 lieky pou\u017e\u00edvan\u00e9 na vysok\u00fd krvn\u00fd tlak a niektor\u00e9 antifung\u00e1lne alebo antibiotick\u00e9 lieky m\u00f4\u017eu interagova\u0165 s Kamagrou Effervescent. Je d\u00f4le\u017eit\u00e9, aby pou\u017e\u00edvatelia ozn\u00e1mili v\u0161etky lieky a doplnky, ktor\u00e9 u\u017e\u00edvaj\u00fa, svojmu poskytovate\u013eovi zdravotnej starostlivosti, aby sa predi\u0161lo \u0161kodliv\u00fdm interakci\u00e1m.<\/p>\n<h2>Pr\u00edrodn\u00e9 alternat\u00edvy kamagry \u0161umiv\u00e9<\/h2>\n<p>Pre jednotlivcov, ktor\u00ed h\u013eadaj\u00fa nefarmaceutick\u00e9 rie\u0161enia ED, s\u00fa dostupn\u00e9 r\u00f4zne pr\u00edrodn\u00e9 alternat\u00edvy. Zmeny \u017eivotn\u00e9ho \u0161t\u00fdlu, ako je zlep\u0161enie stravovania, zv\u00fd\u0161enie fyzickej aktivity a zn\u00ed\u017eenie stresu, m\u00f4\u017eu pozit\u00edvne ovplyvni\u0165 erektiln\u00fa funkciu.<\/p>\n<p>Rastlinn\u00e9 doplnky ako \u017een\u0161en a L-argin\u00edn s\u00fa tie\u017e popul\u00e1rne, aj ke\u010f ich \u00fa\u010dinnos\u0165 sa m\u00f4\u017ee l\u00ed\u0161i\u0165 a nie s\u00fa podroben\u00e9 pr\u00edsnemu testovaniu, ktor\u00e9 podstupuj\u00fa lie\u010div\u00e1. Pred vysk\u00fa\u0161an\u00edm pr\u00edrodn\u00fdch liekov sa odpor\u00fa\u010da konzultova\u0165 s poskytovate\u013eom zdravotnej starostlivosti, aby sa zaistila bezpe\u010dnos\u0165 a kompatibilita s in\u00fdmi sp\u00f4sobmi lie\u010dby.<\/p>\n<h2>V\u00fdber spr\u00e1vneho lieku na ED pre va\u0161e potreby<\/h2>\n<p>V\u00fdber lieku na ED je osobn\u00fdm rozhodnut\u00edm ovplyvnen\u00fdm r\u00f4znymi faktormi vr\u00e1tane po\u017eadovan\u00e9ho n\u00e1stupu a trvania \u00fa\u010dinku, potenci\u00e1lnych ved\u013eaj\u0161\u00edch \u00fa\u010dinkov a n\u00e1kladov. Konzult\u00e1cia so zdravotn\u00edckym pracovn\u00edkom m\u00f4\u017ee poskytn\u00fa\u0165 cenn\u00e9 rady pri v\u00fdbere najvhodnej\u0161ej lie\u010dby.<\/p>\n<p>Pri v\u00fdbere medzi mo\u017enos\u0165ami ako Kamagra Effervescent, Viagra, Cialis alebo pr\u00edrodn\u00fdmi alternat\u00edvami by sa mali zv\u00e1\u017ei\u0165 faktory, ako s\u00fa z\u00e1kladn\u00e9 zdravotn\u00e9 probl\u00e9my, s\u00fabe\u017en\u00e9 lieky a osobn\u00e9 preferencie. Prisp\u00f4soben\u00fd pr\u00edstup zais\u0165uje \u00fa\u010dinnos\u0165 aj bezpe\u010dnos\u0165.<\/p>\n<h2>Bud\u00faci v\u00fdvoj v lie\u010dbe ED: Kde stoj\u00ed Kamagra Effervescent??<\/h2>\n<p>Ako pokra\u010duje v\u00fdskum lie\u010dby ED, na obzore je nov\u00fd v\u00fdvoj, ktor\u00fd m\u00f4\u017ee pon\u00faknu\u0165 zv\u00fd\u0161en\u00fa \u00fa\u010dinnos\u0165 a pohodlie. Inov\u00e1cie v syst\u00e9moch pod\u00e1vania liekov a cielenej\u0161ie terapie s\u013eubuj\u00fa roz\u0161\u00edrenie rozsahu dostupn\u00fdch mo\u017enost\u00ed.<\/p>\n<p>Zatia\u013e \u010do Kamagra Effervescent zost\u00e1va popul\u00e1rnou vo\u013ebou pre svoj r\u00fdchly n\u00e1stup a jednoduch\u00e9 pou\u017eitie, bud\u00face lie\u010dby m\u00f4\u017eu poskytn\u00fa\u0165 e\u0161te viac prisp\u00f4soben\u00e9 rie\u0161enia s men\u0161\u00edm po\u010dtom ved\u013eaj\u0161\u00edch \u00fa\u010dinkov a lep\u0161\u00edmi v\u00fdsledkami. Zosta\u0165 informovan\u00fd o pokrokoch v terapii ED m\u00f4\u017ee jednotlivcom pom\u00f4c\u0165 urobi\u0165 informovan\u00e9 rozhodnutia o mo\u017enostiach lie\u010dby.<\/p>\n","protected":false},"excerpt":{"rendered":"<p>Porovnanie Kamagry Effervescent s in\u00fdmi liekmi Kamagra Effervescent je popul\u00e1rnou vo\u013ebou na lie\u010dbu erektilnej dysfunkcie, ale ako sa vyrovn\u00e1 in\u00fdm liekom, pokia\u013e ide o \u00fa\u010dinnos\u0165, cenu a pohodlie pou\u017e\u00edvate\u013ea? Preh\u013ead Kamagry Effervescent Kamagra Effervescent je variant zn\u00e1meho lieku na erektiln\u00fa dysfunkciu (ED) Kamagra. Vyzna\u010duje sa svojou formou \u0161umiv\u00fdch tabliet, ktor\u00e9 sa rozp\u00fa\u0161\u0165aj\u00fa vo vode a [&hellip;]<\/p>\n","protected":false},"author":1,"featured_media":0,"parent":0,"menu_order":0,"comment_status":"closed","ping_status":"closed","template":"","meta":{"footnotes":""},"class_list":["post-19275","page","type-page","status-publish","hentry"],"_links":{"self":[{"href":"http:\/\/haywire.pl\/index.php?rest_route=\/wp\/v2\/pages\/19275","targetHints":{"allow":["GET"]}}],"collection":[{"href":"http:\/\/haywire.pl\/index.php?rest_route=\/wp\/v2\/pages"}],"about":[{"href":"http:\/\/haywire.pl\/index.php?rest_route=\/wp\/v2\/types\/page"}],"author":[{"embeddable":true,"href":"http:\/\/haywire.pl\/index.php?rest_route=\/wp\/v2\/users\/1"}],"replies":[{"embeddable":true,"href":"http:\/\/haywire.pl\/index.php?rest_route=%2Fwp%2Fv2%2Fcomments&post=19275"}],"version-history":[{"count":1,"href":"http:\/\/haywire.pl\/index.php?rest_route=\/wp\/v2\/pages\/19275\/revisions"}],"predecessor-version":[{"id":19276,"href":"http:\/\/haywire.pl\/index.php?rest_route=\/wp\/v2\/pages\/19275\/revisions\/19276"}],"wp:attachment":[{"href":"http:\/\/haywire.pl\/index.php?rest_route=%2Fwp%2Fv2%2Fmedia&parent=19275"}],"curies":[{"name":"wp","href":"https:\/\/api.w.org\/{rel}","templated":true}]}}