{"id":18322,"date":"2026-03-25T11:48:01","date_gmt":"2026-03-25T11:48:01","guid":{"rendered":"http:\/\/haywire.pl\/?page_id=18322"},"modified":"2026-03-25T11:48:01","modified_gmt":"2026-03-25T11:48:01","slug":"pochopenie-vidalista-pouzitie-a-vyhody","status":"publish","type":"page","link":"http:\/\/haywire.pl\/?page_id=18322","title":{"rendered":"Pochopenie Vidalista: Pou\u017eitie a v\u00fdhody"},"content":{"rendered":"<h1>Vidalista a oper\u00e1cia prostaty: m\u00f4\u017eete ju pou\u017ei\u0165?<\/h1>\n<p>Sk\u00famanie kompatibility lieku Vidalista s chirurgick\u00fdm z\u00e1krokom prostaty so zameran\u00edm na jeho pou\u017eitie, potenci\u00e1lne interakcie a bezpe\u010dnostn\u00e9 aspekty.<\/p>\n<h2>Pochopenie Vidalista: Pou\u017eitie a v\u00fdhody<\/h2>\n<p>Vidalista, prim\u00e1rne zn\u00e1my ako lie\u010dba erektilnej dysfunkcie, obsahuje \u00fa\u010dinn\u00fa l\u00e1tku tadalafil. Funguje tak, \u017ee zvy\u0161uje prietok krvi do penisu, \u010d\u00edm u\u013eah\u010duje erekciu ako odpove\u010f na sexu\u00e1lnu stimul\u00e1ciu. Zatia\u013e \u010do jeho hlavn\u00e9 pou\u017eitie je na lie\u010dbu erektilnej dysfunkcie, Vidalista sa niekedy predpisuje aj na stavy, ako je ben\u00edgna hyperpl\u00e1zia prostaty (BPH), vzh\u013eadom na jeho schopnos\u0165 uvo\u013eni\u0165 svaly v prostate a mo\u010dovom mech\u00fare.<\/p>\n<p>V\u00fdhody Vidalista presahuj\u00fa sexu\u00e1lne zdravie. Dlh\u00e9 trvanie \u00fa\u010dinku tadalafilu, ktor\u00e9 m\u00f4\u017ee trva\u0165 a\u017e 36 hod\u00edn, z neho rob\u00ed preferovan\u00fa vo\u013ebu pre mnoh\u00fdch, preto\u017ee umo\u017e\u0148uje spont\u00e1nnej\u0161\u00ed pr\u00edstup k intimite. Okrem toho jeho potenci\u00e1l na zmiernenie sympt\u00f3mov BPH pon\u00faka dvojit\u00fa funk\u010dnos\u0165, \u010do z neho rob\u00ed v\u0161estrann\u00fd liek v oblasti urologick\u00e9ho zdravia.<\/p>\n<h2>Preh\u013ead oper\u00e1cie prostaty a jej d\u00f4sledkov<\/h2>\n<p>Oper\u00e1cia prostaty sa \u010dasto vykon\u00e1va na rie\u0161enie probl\u00e9mov od ben\u00edgnej hyperpl\u00e1zie prostaty po rakovinu prostaty. Postupy sa m\u00f4\u017eu l\u00ed\u0161i\u0165 od minim\u00e1lne invaz\u00edvnych techn\u00edk, ako je transuretr\u00e1lna resekcia prostaty (TURP), a\u017e po rozsiahlej\u0161ie oper\u00e1cie, ako je prostatekt\u00f3mia. Ka\u017ed\u00fd typ oper\u00e1cie m\u00e1 svoj vlastn\u00fd s\u00fabor d\u00f4sledkov, procesov obnovy a potenci\u00e1lnych ved\u013eaj\u0161\u00edch \u00fa\u010dinkov, ktor\u00e9 m\u00f4\u017eu zah\u0155\u0148a\u0165 inkontinenciu mo\u010du a erektiln\u00fa dysfunkciu.<\/p>\n<p>Po oper\u00e1cii mnoh\u00ed pacienti poci\u0165uj\u00fa zmeny v ich sexu\u00e1lnej funkcii a kontrole mo\u010denia. Tieto zmeny m\u00f4\u017eu v\u00fdrazne ovplyvni\u0165 kvalitu \u017eivota, tak\u017ee prioritou je zvl\u00e1dnutie sympt\u00f3mov a zotavenie. Pochopenie \u00fa\u010dinkov chirurgick\u00e9ho z\u00e1kroku a potenci\u00e1lnej \u00falohy liekov, ako je Vidalista, v poopera\u010dnej starostlivosti je preto k\u013e\u00fa\u010dov\u00e9 pre pacientov aj poskytovate\u013eov zdravotnej starostlivosti.<\/p>\n<h2>Ako Vidalista funguje v tele<\/h2>\n<p>Vidalista p\u00f4sob\u00ed inhib\u00edciou enz\u00fdmu fosfodiester\u00e1zy typu 5 (PDE5). T\u00e1to inhib\u00edcia zvy\u0161uje hladiny cyklick\u00e9ho guanoz\u00ednmonofosf\u00e1tu (cGMP), \u010do vedie k relax\u00e1cii hladk\u00e9ho svalstva a roz\u0161\u00edreniu krvn\u00fdch ciev, predov\u0161etk\u00fdm v oblasti penisu. V\u00fdsledkom je zlep\u0161enie prietoku krvi, \u010do je nevyhnutn\u00e9 na dosiahnutie a udr\u017eanie erekcie.<\/p>\n<p>Okrem \u00fa\u010dinkov na erektiln\u00e9 tkaniv\u00e1 m\u00e1 Vidalista aj syst\u00e9mov\u00e9 \u00fa\u010dinky. Podporou vazodilat\u00e1cie m\u00f4\u017ee mierne zn\u00ed\u017ei\u0165 krvn\u00fd tlak, \u010do m\u00f4\u017ee by\u0165 potrebn\u00e9 zv\u00e1\u017ei\u0165 pri pou\u017eit\u00ed spolu s in\u00fdmi liekmi alebo u pacientov s kardiovaskul\u00e1rnymi ochoreniami. Jeho \u00faloha pri uvo\u013e\u0148ovan\u00ed svalov\u00fdch vl\u00e1kien okolo prostaty a hrdla mo\u010dov\u00e9ho mech\u00fara je tie\u017e prospe\u0161n\u00e1 pri zmier\u0148ovan\u00ed sympt\u00f3mov spojen\u00fdch s BPH.<\/p>\n<h2>Potenci\u00e1lne interakcie medzi Vidalista a chirurgia prostaty<\/h2>\n<p>Interakcia medzi Vidalistou a oper\u00e1ciou prostaty je zlo\u017eit\u00e1. Zatia\u013e \u010do liek m\u00f4\u017ee pom\u00f4c\u0165 pri zvl\u00e1dan\u00ed erektilnej dysfunkcie po oper\u00e1cii, jeho vazodilata\u010dn\u00e9 \u00fa\u010dinky m\u00f4\u017eu predstavova\u0165 rizik\u00e1 po\u010das f\u00e1zy zotavovania. Napr\u00edklad zv\u00fd\u0161en\u00fd prietok krvi by mohol potenci\u00e1lne zhor\u0161i\u0165 krv\u00e1canie v mieste chirurgick\u00e9ho z\u00e1kroku v z\u00e1vislosti od typu vykonanej oper\u00e1cie a procesu hojenia jednotlivca.<\/p>\n<p>Okrem toho je na\u010dasovanie zavedenia po oper\u00e1cii Vidalista kritick\u00e9. Pr\u00edli\u0161 skor\u00e9 za\u010datie jeho u\u017e\u00edvania by mohlo naru\u0161i\u0165 prirodzen\u00fd proces hojenia, zatia\u013e \u010do oddialenie jeho u\u017e\u00edvania m\u00f4\u017ee pred\u013a\u017ei\u0165 obdobie sexu\u00e1lnej dysfunkcie, ktor\u00fa pacient za\u017e\u00edva. Preto je potrebn\u00e9 starostliv\u00e9 pos\u00fadenie poskytovate\u013emi zdravotnej starostlivosti, aby sa ur\u010dilo optim\u00e1lne na\u010dasovanie a d\u00e1vkovanie pre ka\u017ed\u00fd jednotliv\u00fd pr\u00edpad.<\/p>\n<h2>Bezpe\u010dnostn\u00e9 \u00favahy pri pou\u017e\u00edvan\u00ed Vidalista po oper\u00e1cii<\/h2>\n<p>Bezpe\u010dnos\u0165 je prvorad\u00e1 pri zva\u017eovan\u00ed lie\u010dby Vidalista po oper\u00e1cii prostaty. U pacientov je potrebn\u00e9 vyhodnoti\u0165 ich priebeh hojenia a stabilitu poopera\u010dn\u00e9ho stavu. Musia sa zv\u00e1\u017ei\u0165 faktory, ako je kardiovaskul\u00e1rne zdravie pacienta, in\u00e9 u\u017e\u00edvan\u00e9 lieky a pr\u00edtomnos\u0165 ak\u00fdchko\u013evek poopera\u010dn\u00fdch komplik\u00e1ci\u00ed.<\/p>\n<p>Lek\u00e1ri \u010dasto odpor\u00fa\u010daj\u00fa \u010dakaciu dobu <a href=\"https:\/\/rychla-lekarne.net\/vidalista-online-bez-predpisu\">Vidalista Bez Predpisu<\/a> pred zaveden\u00edm ak\u00e9hoko\u013evek lieku, ktor\u00fd ovplyv\u0148uje prietok krvi, ako je Vidalista, aby sa zabezpe\u010dilo, \u017ee sa v\u0161etky chirurgick\u00e9 rany dostato\u010dne zahoja. Po\u010das tohto obdobia je kritick\u00e9 sledovanie pacienta z h\u013eadiska ak\u00fdchko\u013evek ne\u017eiaducich reakci\u00ed alebo komplik\u00e1ci\u00ed. Mo\u017eno odporu\u010di\u0165 postupn\u00fd pr\u00edstup, po\u010dn\u00fac ni\u017e\u0161\u00edmi d\u00e1vkami, aby sa zmerala odpove\u010f pacienta na liek.<\/p>\n<h2>N\u00e1zory odborn\u00edkov na u\u017e\u00edvanie Vidalista po oper\u00e1cii prostaty<\/h2>\n<p>Odborn\u00edci v oblasti urol\u00f3gie a sexu\u00e1lneho zdravia \u010dasto zd\u00f4raz\u0148uj\u00fa osobn\u00fd pr\u00edstup, ke\u010f zva\u017euj\u00fa Vidalista pre pacientov po chirurgickom z\u00e1kroku. Konsenzus je, \u017ee hoci Vidalista m\u00f4\u017ee by\u0165 prospe\u0161n\u00fd, mal by sa predpisova\u0165 na z\u00e1klade individu\u00e1lnych profilov pacientov vr\u00e1tane ich celkov\u00e9ho zdravotn\u00e9ho stavu, typu oper\u00e1cie a \u0161pecifickej trajekt\u00f3rie zotavenia.<\/p>\n<p>Niektor\u00ed \u0161pecialisti obhajuj\u00fa multidisciplin\u00e1rny pr\u00edstup zah\u0155\u0148aj\u00faci urol\u00f3gov, v\u0161eobecn\u00fdch lek\u00e1rov a niekedy aj kardiol\u00f3gov, aby sa zabezpe\u010dilo, \u017ee sa zoh\u013eadnia v\u0161etky aspekty zdravia pacienta. Cie\u013eom tohto spolo\u010dn\u00e9ho \u00fasilia je optimalizova\u0165 v\u00fdsledky zotavenia a zlep\u0161i\u0165 kvalitu \u017eivota pacienta a z\u00e1rove\u0148 zmierni\u0165 potenci\u00e1lne rizik\u00e1 spojen\u00e9 s pou\u017e\u00edvan\u00edm Vidalista po oper\u00e1cii.<\/p>\n<h2>Sk\u00fasenosti pacientov: Pou\u017eitie Vidalista po proced\u00farach prostaty<\/h2>\n<p>Sk\u00fasenosti pacientov s Vidalista po oper\u00e1cii prostaty sa zna\u010dne l\u00ed\u0161ia. Niektor\u00ed jedinci uv\u00e1dzaj\u00fa v\u00fdrazn\u00e9 zlep\u0161enie erektilnej funkcie a spokojnosti so sexu\u00e1lnym zdrav\u00edm, zatia\u013e \u010do in\u00ed m\u00f4\u017eu \u010deli\u0165 probl\u00e9mom v d\u00f4sledku ved\u013eaj\u0161\u00edch \u00fa\u010dinkov alebo nedostato\u010dnej \u00fa\u010dinnosti. Tieto r\u00f4zne v\u00fdsledky zd\u00f4raz\u0148uj\u00fa d\u00f4le\u017eitos\u0165 pl\u00e1nov lie\u010dby \u0161it\u00fdch na mieru.<\/p>\n<p>Pre mnoh\u00fdch cesta zah\u0155\u0148a pokusy a omyly, \u00fazku spolupr\u00e1cu s poskytovate\u013eom zdravotnej starostlivosti na \u00faprave d\u00e1vkovania a na\u010dasovania s cie\u013eom n\u00e1js\u0165 optim\u00e1lny re\u017eim. Svedectv\u00e1 pacientov \u010dasto zd\u00f4raz\u0148uj\u00fa d\u00f4le\u017eitos\u0165 trpezlivosti a otvorenej komunik\u00e1cie s poskytovate\u013emi zdravotnej starostlivosti pri rie\u0161en\u00ed probl\u00e9mov a prisp\u00f4soben\u00ed lie\u010dby pod\u013ea potreby.<\/p>\n<h2>Mo\u017en\u00e9 ved\u013eaj\u0161ie \u00fa\u010dinky kombin\u00e1cie Vidalista s oper\u00e1ciou prostaty<\/h2>\n<p>Kombin\u00e1cia Vidalisty s oper\u00e1ciou prostaty m\u00f4\u017ee vies\u0165 k cel\u00e9mu radu ved\u013eaj\u0161\u00edch \u00fa\u010dinkov. Be\u017en\u00e9 probl\u00e9my zah\u0155\u0148aj\u00fa bolesti hlavy, n\u00e1valy hor\u00fa\u010davy a z\u00e1vraty, ktor\u00e9 s\u00fa zvy\u010dajne mierne, ale m\u00f4\u017eu sa zhor\u0161i\u0165 po oper\u00e1cii v d\u00f4sledku zmien v rovnov\u00e1he tela. Z\u00e1va\u017enej\u0161ie ved\u013eaj\u0161ie \u00fa\u010dinky, ako s\u00fa dlhotrvaj\u00face erekcie alebo prudk\u00e9 poklesy krvn\u00e9ho tlaku, hoci zriedkav\u00e9, si vy\u017eaduj\u00fa okam\u017eit\u00fa lek\u00e1rsku pomoc.<\/p>\n<p>Pacienti, ktor\u00ed poci\u0165uj\u00fa ak\u00e9ko\u013evek nezvy\u010dajn\u00e9 pr\u00edznaky alebo nepohodlie, by sa mali okam\u017eite poradi\u0165 so svoj\u00edm poskytovate\u013eom zdravotnej starostlivosti. Cie\u013eom je efekt\u00edvne zvl\u00e1da\u0165 ved\u013eaj\u0161ie \u00fa\u010dinky a z\u00e1rove\u0148 zabezpe\u010di\u0165, aby pr\u00ednosy pou\u017e\u00edvania Vidalista prev\u00e1\u017eili nad rizikami, \u010do prispieva k zlep\u0161eniu kvality \u017eivota po oper\u00e1cii.<\/p>\n<h2>Alternat\u00edvne lieky k Vidalista po oper\u00e1cii prostaty<\/h2>\n<p>U pacientov, ktor\u00ed Vidalistu netoleruj\u00fa alebo pre ktor\u00fdch je nevhodn\u00e1, mo\u017eno zv\u00e1\u017ei\u0165 alternat\u00edvne lieky. Mo\u017enosti zah\u0155\u0148aj\u00fa \u010fal\u0161ie inhib\u00edtory PDE5, ako je sildenafil (Viagra) alebo vardenafil (Levitra), ka\u017ed\u00fd s r\u00f4znym trvan\u00edm \u00fa\u010dinku a profilmi ved\u013eaj\u0161\u00edch \u00fa\u010dinkov. Tieto alternat\u00edvy m\u00f4\u017eu by\u0165 vhodnej\u0161ie v z\u00e1vislosti od zdravotn\u00e9ho stavu a \u0161pecifick\u00fdch potrieb jednotlivca.<\/p>\n<p>V niektor\u00fdch pr\u00edpadoch sa m\u00f4\u017eu odporu\u010di\u0165 nefarmakologick\u00e9 intervencie, ako s\u00fa zariadenia na v\u00e1kuov\u00fa erekciu alebo injekcie do penisu. Tieto alternat\u00edvy pon\u00fakaj\u00fa r\u00f4zne mechanizmy \u00fa\u010dinku a m\u00f4\u017eu by\u0165 \u00fa\u010dinn\u00e9 pre t\u00fdch, ktor\u00ed chc\u00fa zlep\u0161i\u0165 erektiln\u00fa funkciu bez syst\u00e9mov\u00fdch \u00fa\u010dinkov peror\u00e1lnych liekov.<\/p>\n<h2>Konzult\u00e1cie s poskytovate\u013emi zdravotnej starostlivosti o pou\u017e\u00edvan\u00ed Vidalista<\/h2>\n<p>Spolupr\u00e1ca s poskytovate\u013emi zdravotnej starostlivosti je k\u013e\u00fa\u010dov\u00e1 pre pacientov, ktor\u00ed zva\u017euj\u00fa oper\u00e1ciu Vidalista po oper\u00e1cii prostaty. Nevyhnutn\u00e1 je d\u00f4kladn\u00e1 diskusia o potenci\u00e1lnych pr\u00ednosoch a rizik\u00e1ch, anamn\u00e9ze lie\u010dby a aktu\u00e1lnom zdravotnom stave. Tento dial\u00f3g umo\u017e\u0148uje informovan\u00e9 rozhodovanie a personalizovan\u00e9 pl\u00e1novanie lie\u010dby.<\/p>\n<p>Pacientom sa odpor\u00fa\u010da, aby kl\u00e1dli ot\u00e1zky, h\u013eadali objasnenie mo\u017enost\u00ed lie\u010dby a vyjadrili ak\u00e9ko\u013evek obavy, ktor\u00e9 by mohli ma\u0165. Tento proakt\u00edvny pr\u00edstup u\u013eah\u010duje efekt\u00edvnej\u0161iu a bezpe\u010dnej\u0161iu integr\u00e1ciu lieku Vidalista do ich re\u017eimu poopera\u010dnej starostlivosti.<\/p>\n<h2>Monitorovanie a riadenie ved\u013eaj\u0161\u00edch \u00fa\u010dinkov lieku Vidalista<\/h2>\n<p>Pravideln\u00e9 sledovanie je nevyhnutn\u00e9 na zvl\u00e1dnutie ved\u013eaj\u0161\u00edch \u00fa\u010dinkov spojen\u00fdch s u\u017e\u00edvan\u00edm Vidalisty po oper\u00e1cii prostaty. Pacienti by mali by\u0165 pou\u010den\u00ed o rozpozn\u00e1van\u00ed sympt\u00f3mov, ktor\u00e9 si vy\u017eaduj\u00fa lek\u00e1rsku pomoc, ako s\u00fa siln\u00e9 z\u00e1vraty, boles\u0165 na hrudn\u00edku alebo n\u00e1hle zmeny zraku. Rutinn\u00e9 n\u00e1sledn\u00e9 kontroly u poskytovate\u013eov zdravotnej starostlivosti pom\u00e1haj\u00fa pri hodnoten\u00ed \u00fa\u010dinnosti lieku a vykonan\u00ed potrebn\u00fdch \u00faprav.<\/p>\n<p>Prijatie spolo\u010dn\u00e9ho pr\u00edstupu, kde pacienti sleduj\u00fa svoje sympt\u00f3my a efekt\u00edvne komunikuj\u00fa so svoj\u00edm zdravotn\u00edckym t\u00edmom, zais\u0165uje, \u017ee ak\u00e9ko\u013evek ne\u017eiaduce \u00fa\u010dinky bud\u00fa okam\u017eite vyrie\u0161en\u00e9. T\u00e1to strat\u00e9gia nielen zvy\u0161uje bezpe\u010dnos\u0165 pacienta, ale prispieva aj k lep\u0161\u00edm celkov\u00fdm v\u00fdsledkom lie\u010dby.<\/p>\n<h2>Zmeny \u017eivotn\u00e9ho \u0161t\u00fdlu na podporu zotavenia po oper\u00e1cii prostaty<\/h2>\n<p>Okrem liekov zohr\u00e1va v\u00fdznamn\u00fa \u00falohu pri rekonvalescencii po oper\u00e1cii prostaty aj zmena \u017eivotn\u00e9ho \u0161t\u00fdlu. Prijatie zdravej stravy, pravideln\u00e1 fyzick\u00e1 aktivita a udr\u017eiavanie zdravej hmotnosti m\u00f4\u017ee pom\u00f4c\u0165 pri celkovej regener\u00e1cii a zlep\u0161i\u0165 erektiln\u00fa funkciu. Tieto zmeny m\u00f4\u017eu tie\u017e pom\u00f4c\u0165 pri zvl\u00e1dan\u00ed stresu, o ktorom je zn\u00e1me, \u017ee m\u00e1 vplyv na zotavenie a sexu\u00e1lne zdravie.<\/p>\n<p>Za\u010dlenenie cvi\u010den\u00ed panvov\u00e9ho dna, ako je Kegels, m\u00f4\u017ee by\u0165 obzvl\u00e1\u0161\u0165 prospe\u0161n\u00e9 pri posil\u0148ovan\u00ed panvov\u00fdch svalov, zlep\u0161ovan\u00ed kontroly mo\u010denia a zlep\u0161ovan\u00ed sexu\u00e1lnych funkci\u00ed. Pacienti by sa mali poradi\u0165 so svoj\u00edm poskytovate\u013eom zdravotnej starostlivosti o prisp\u00f4soben\u00ed cvi\u010debn\u00e9ho programu, ktor\u00fd je v s\u00falade s ich potrebami a schopnos\u0165ami na zotavenie.<\/p>\n<h2>Dlhodob\u00e9 zdravotn\u00e9 d\u00f4sledky pou\u017e\u00edvania Vidalista<\/h2>\n<p>Dlhodob\u00e9 pou\u017e\u00edvanie Vidalisty, hoci sa v\u0161eobecne pova\u017euje za bezpe\u010dn\u00e9, si vy\u017eaduje starostliv\u00e9 sledovanie. Nepretr\u017eit\u00e9 hodnotenie zdravotn\u00edckymi pracovn\u00edkmi zais\u0165uje, \u017ee ak\u00e9ko\u013evek potenci\u00e1lne dlhodob\u00e9 ved\u013eaj\u0161ie \u00fa\u010dinky s\u00fa okam\u017eite identifikovan\u00e9 a zvl\u00e1dnut\u00e9. Toto priebe\u017en\u00e9 hodnotenie pom\u00e1ha udr\u017eiava\u0165 rovnov\u00e1hu medzi \u00fa\u010dinnos\u0165ou a bezpe\u010dnos\u0165ou.<\/p>\n<p>Pre mnoh\u00fdch pacientov sa v\u010faka v\u00fdhod\u00e1m zlep\u0161enej erektilnej funkcie a kvality \u017eivota po oper\u00e1cii prostaty oplat\u00ed pokra\u010dova\u0165 v pou\u017e\u00edvan\u00ed Vidalisty. Pravideln\u00e9 konzult\u00e1cie a hodnotenia s\u00fa v\u0161ak k\u013e\u00fa\u010dov\u00e9 na prisp\u00f4sobenie lie\u010dby pod\u013ea toho, ako sa zdravotn\u00fd stav pacienta \u010dasom vyv\u00edja.<\/p>\n<h2>Bud\u00face smery v\u00fdskumu Vidalista a zdravia prostaty<\/h2>\n<p>Bud\u00faci v\u00fdskum je pripraven\u00fd \u010falej presk\u00fama\u0165 nuansovan\u00fd vz\u0165ah medzi Vidalista a zdrav\u00edm prostaty. Pokra\u010duj\u00fa v\u00fdskumy optim\u00e1lnych d\u00e1vkovac\u00edch re\u017eimov, dlhodobej bezpe\u010dnosti a potenci\u00e1lu nov\u00fdch aplik\u00e1ci\u00ed v urologickom zdrav\u00ed. Cie\u013eom tak\u00e9hoto v\u00fdskumu je zdokonali\u0165 existuj\u00face lie\u010debn\u00e9 paradigmy a odhali\u0165 nov\u00e9 terapeutick\u00e9 cesty.<\/p>\n<p>Nov\u00e9 \u0161t\u00fadie sa m\u00f4\u017eu zamera\u0165 aj na v\u00fdsledky hl\u00e1sen\u00e9 pacientmi, aby lep\u0161ie porozumeli zlep\u0161eniam kvality \u017eivota, ktor\u00e9 pon\u00faka Vidalista. Za\u010dlenen\u00edm perspekt\u00edv pacienta m\u00f4\u017ee bud\u00faci v\u00fdskum vies\u0165 k lie\u010dbe pr\u00edstupy, ktor\u00e9 s\u00fa viac zameran\u00e9 na pacienta.<\/p>\n<h2>\u010casto kladen\u00e9 ot\u00e1zky o Vidalista a chirurgii prostaty<\/h2>\n<p>Mnoh\u00ed pacienti a ich rodiny maj\u00fa ot\u00e1zky t\u00fdkaj\u00face sa pou\u017eitia Vidalisty po oper\u00e1cii prostaty. Be\u017en\u00e9 ot\u00e1zky zah\u0155\u0148aj\u00fa obavy t\u00fdkaj\u00face sa na\u010dasovania, potenci\u00e1lnych ved\u013eaj\u0161\u00edch \u00fa\u010dinkov a interakci\u00ed s in\u00fdmi liekmi. Poskytovatelia zdravotnej starostlivosti s\u00fa najlep\u0161\u00edm zdrojom na rie\u0161enie t\u00fdchto probl\u00e9mov a poskytuj\u00fa poradenstvo zalo\u017een\u00e9 na d\u00f4kazoch prisp\u00f4soben\u00e9 individu\u00e1lnym okolnostiam.<\/p>\n<p>Ako sa objavuj\u00fa nov\u00e9 zistenia v\u00fdskumu, informovanos\u0165 prostredn\u00edctvom d\u00f4veryhodn\u00fdch zdrojov a pravideln\u00e9 konzult\u00e1cie so zdravotn\u00edckymi pracovn\u00edkmi m\u00f4\u017eu pom\u00f4c\u0165 pacientom navigova\u0165 sa na ich lie\u010debnej ceste s istotou a jasnos\u0165ou.<\/p>\n","protected":false},"excerpt":{"rendered":"<p>Vidalista a oper\u00e1cia prostaty: m\u00f4\u017eete ju pou\u017ei\u0165? Sk\u00famanie kompatibility lieku Vidalista s chirurgick\u00fdm z\u00e1krokom prostaty so zameran\u00edm na jeho pou\u017eitie, potenci\u00e1lne interakcie a bezpe\u010dnostn\u00e9 aspekty. Pochopenie Vidalista: Pou\u017eitie a v\u00fdhody Vidalista, prim\u00e1rne zn\u00e1my ako lie\u010dba erektilnej dysfunkcie, obsahuje \u00fa\u010dinn\u00fa l\u00e1tku tadalafil. Funguje tak, \u017ee zvy\u0161uje prietok krvi do penisu, \u010d\u00edm u\u013eah\u010duje erekciu ako odpove\u010f na [&hellip;]<\/p>\n","protected":false},"author":1,"featured_media":0,"parent":0,"menu_order":0,"comment_status":"closed","ping_status":"closed","template":"","meta":{"footnotes":""},"class_list":["post-18322","page","type-page","status-publish","hentry"],"_links":{"self":[{"href":"http:\/\/haywire.pl\/index.php?rest_route=\/wp\/v2\/pages\/18322","targetHints":{"allow":["GET"]}}],"collection":[{"href":"http:\/\/haywire.pl\/index.php?rest_route=\/wp\/v2\/pages"}],"about":[{"href":"http:\/\/haywire.pl\/index.php?rest_route=\/wp\/v2\/types\/page"}],"author":[{"embeddable":true,"href":"http:\/\/haywire.pl\/index.php?rest_route=\/wp\/v2\/users\/1"}],"replies":[{"embeddable":true,"href":"http:\/\/haywire.pl\/index.php?rest_route=%2Fwp%2Fv2%2Fcomments&post=18322"}],"version-history":[{"count":1,"href":"http:\/\/haywire.pl\/index.php?rest_route=\/wp\/v2\/pages\/18322\/revisions"}],"predecessor-version":[{"id":18323,"href":"http:\/\/haywire.pl\/index.php?rest_route=\/wp\/v2\/pages\/18322\/revisions\/18323"}],"wp:attachment":[{"href":"http:\/\/haywire.pl\/index.php?rest_route=%2Fwp%2Fv2%2Fmedia&parent=18322"}],"curies":[{"name":"wp","href":"https:\/\/api.w.org\/{rel}","templated":true}]}}