{"id":17010,"date":"2026-03-24T11:41:44","date_gmt":"2026-03-24T11:41:44","guid":{"rendered":"http:\/\/haywire.pl\/?page_id=17010"},"modified":"2026-03-24T11:41:44","modified_gmt":"2026-03-24T11:41:44","slug":"intelegerea-fildena-super-active-ce-este","status":"publish","type":"page","link":"http:\/\/haywire.pl\/?page_id=17010","title":{"rendered":"\u00cen\u021belegerea Fildena Super Active: Ce este"},"content":{"rendered":"<h1>Mituri \u0219i fapte despre Fildena Super Active<\/h1>\n<p>Fildena Super Active este un tratament larg discutat pentru disfunc\u021bia erectil\u0103, \u00eenv\u0103luit \u00een mituri \u0219i concep\u021bii gre\u0219ite care adesea eclipseaz\u0103 beneficiile \u0219i func\u021biile sale reale.<\/p>\n<h2>\u00cen\u021belegerea Fildena Super Active: Ce este<\/h2>\n<p>Fildena Super Active este un medicament utilizat \u00een principal pentru a trata disfunc\u021bia erectil\u0103 (DE) la b\u0103rba\u021bi. Este o variant\u0103 a popularului medicament Fildena, formulat\u0103 pentru a oferi o absorb\u021bie \u00eembun\u0103t\u0103\u021bit\u0103 \u0219i un \u00eenceput mai rapid de ac\u021biune. Versiunea \u201eSuper Active\u201d vine de obicei \u00een capsule de gel moi, care se dizolv\u0103 mai repede dec\u00e2t tabletele tradi\u021bionale, permi\u021b\u00e2nd un r\u0103spuns mai rapid la stimularea sexual\u0103.<\/p>\n<p>Fabricat de Centurion Laboratories, Fildena Super Active con\u021bine ingredientul activ citrat de sildenafil, acela\u0219i compus g\u0103sit \u00een Viagra. Acest medicament apar\u021bine clasei de medicamente cunoscute sub numele de inhibitori ai fosfodiesterazei de tip 5 (PDE5), care ac\u021bioneaz\u0103 prin cre\u0219terea fluxului de s\u00e2nge c\u0103tre penis pentru a ajuta la ob\u021binerea \u0219i men\u021binerea erec\u021biei. Este important de re\u021binut c\u0103 Fildena Super Active este eficient\u0103 numai cu excita\u021bia sexual\u0103.<\/p>\n<h2>Mituri comune din jurul Fildenei Super Active<\/h2>\n<p>Un mit r\u0103sp\u00e2ndit despre Fildena Super Active este c\u0103 poate cre\u0219te dorin\u021ba sexual\u0103 sau libidoul. \u00cen realitate, medicamentul nu afecteaz\u0103 excitarea sexual\u0103; pur \u0219i simplu faciliteaz\u0103 procesul fiziologic de a ob\u021bine o erec\u021bie atunci c\u00e2nd un b\u0103rbat este deja stimulat sexual.<\/p>\n<p>O alt\u0103 concep\u021bie gre\u0219it\u0103 este c\u0103 Fildena Super Active este un remediu permanent pentru disfunc\u021bia erectil\u0103. De\u0219i este un tratament eficient, nu abordeaz\u0103 cauzele care stau la baza DE, care pot varia de la factori psihologici la probleme de s\u0103n\u0103tate fizic\u0103. Prin urmare, ar trebui privit ca parte a unei abord\u0103ri mai ample a gestion\u0103rii disfunc\u021biei erectile.<\/p>\n<h2>Ingredientele active din Fildena Super Active<\/h2>\n<p>Ingredientul activ principal din Fildena Super Active este citratul de sildenafil. Acest compus func\u021bioneaz\u0103 prin inhibarea enzimei PDE5, care promoveaz\u0103 descompunerea guanozinei monofosfatului ciclic (cGMP) \u00een organism. Prin blocarea PDE5, citratul de sildenafil permite cre\u0219terea nivelului de GMPc, ceea ce duce la un flux sanguin \u00eembun\u0103t\u0103\u021bit c\u0103tre penis \u0219i faciliteaz\u0103 o erec\u021bie.<\/p>\n<p>Pe l\u00e2ng\u0103 citratul de sildenafil, Fildena Super Active con\u021bine \u0219i alte ingrediente inactive care ajut\u0103 la formularea capsulei de gel moale. Acestea pot include gelatina, glicerina \u0219i al\u021bi excipien\u021bi care ajut\u0103 la dizolvarea \u0219i absorb\u021bia rapid\u0103 a medicamentului.<\/p>\n<h2>Cum func\u021bioneaz\u0103 Fildena Super Active \u00een organism<\/h2>\n<p>Fildena Super Active ac\u0163ioneaz\u0103 prin \u0163intirea mecanismului natural de r\u0103spuns erectil din organism. La excitarea sexual\u0103, oxidul nitric este eliberat \u00een corpul cavernos al penisului, stimul\u00e2nd produc\u021bia de cGMP. Aceast\u0103 substan\u021b\u0103 chimic\u0103 este responsabil\u0103 pentru relaxarea \u021besuturilor musculare netede \u0219i dilatarea vaselor de s\u00e2nge, cresc\u00e2nd astfel fluxul de s\u00e2nge c\u0103tre penis.<\/p>\n<p>Citratul de sildenafil, componenta activ\u0103 a Fildena Super Active, asigur\u0103 c\u0103 nivelurile cGMP r\u0103m\u00e2n crescute prin inhibarea enzimei PDE5. \u00cen consecin\u021b\u0103, acest proces are ca rezultat o erec\u021bie sus\u021binut\u0103 necesar\u0103 pentru actul sexual. Este crucial s\u0103 \u00een\u021belegem c\u0103 medicamentul este eficient numai atunci c\u00e2nd exist\u0103 excitare sexual\u0103 \u0219i procesele naturale sunt ini\u021biate.<\/p>\n<h2>Dezmin\u021birea concep\u021biilor gre\u0219ite despre Fildena Super Active<\/h2>\n<p>O concep\u021bie gre\u0219it\u0103 comun\u0103 este c\u0103 Fildena Super Active poate fi utilizat\u0103 ca drog recrea\u021bional pentru a \u00eembun\u0103t\u0103\u021bi performan\u021ba sexual\u0103 la persoanele f\u0103r\u0103 disfunc\u021bie erectil\u0103. Acest lucru nu este recomandat, deoarece utilizarea gre\u0219it\u0103 poate duce la poten\u021biale riscuri pentru s\u0103n\u0103tate \u0219i efecte secundare f\u0103r\u0103 nicio \u00eembun\u0103t\u0103\u021bire dovedit\u0103 a capacit\u0103\u021bilor sexuale.<\/p>\n<p>Un alt mit este c\u0103 Fildena Super <a href=\"https:\/\/pilule-express.net\/fildena-super-activa-fara-reteta\">https:\/\/pilule-express.net\/fildena-super-activa-fara-reteta<\/a> Active poate provoca dependen\u021b\u0103. De\u0219i este adev\u0103rat c\u0103 unii b\u0103rba\u021bi se pot baza pe medicamente pentru a ob\u021bine o erec\u021bie, nu exist\u0103 dovezi care s\u0103 sugereze c\u0103 acesta cauzeaz\u0103 dependen\u021b\u0103 fizic\u0103. \u00cen schimb, este esen\u021bial s\u0103 utiliza\u021bi medicamentul \u00een mod responsabil \u0219i sub \u00eendrumarea unui profesionist din domeniul s\u0103n\u0103t\u0103\u021bii.<\/p>\n<h2>Beneficiile dovedite ale Fildena Super Active<\/h2>\n<p>Fildena Super Active ofer\u0103 mai multe beneficii persoanelor care sufer\u0103 de disfunc\u021bie erectil\u0103. Unul dintre avantajele principale este debutul rapid de ac\u021biune, datorit\u0103 formul\u0103rii gelului moale. Utilizatorii raporteaz\u0103 adesea c\u0103 ob\u021bin o erec\u021bie \u00een decurs de 15 p\u00e2n\u0103 la 30 de minute de la ingestie, \u00een compara\u021bie cu timpii mai lungi de apari\u021bie a comprimatelor standard.<\/p>\n<p>Eficacitatea medicamentului este bine documentat\u0103, numeroase studii care arat\u0103 c\u0103 citratul de sildenafil \u00eembun\u0103t\u0103\u021be\u0219te semnificativ func\u021bia erectil\u0103 la b\u0103rba\u021bii cu ED. Pe l\u00e2ng\u0103 calitatea \u00eembun\u0103t\u0103\u021bit\u0103 a erec\u021biei, poate \u00eembun\u0103t\u0103\u021bi \u0219i experien\u021ba sexual\u0103 general\u0103 prin reducerea anxiet\u0103\u021bii \u0219i cre\u0219terea \u00eencrederii.<\/p>\n<h2>Efecte secundare poten\u021biale \u0219i precau\u021bii<\/h2>\n<p>\u00cen timp ce Fildena Super Active este \u00een general bine tolerat\u0103, poate provoca reac\u021bii adverse la unele persoane. Reac\u021biile adverse frecvente includ dureri de cap, \u00eenro\u0219ire, indigestie, congestie nazal\u0103 \u0219i ame\u021beli. Acestea sunt de obicei u\u0219oare \u0219i temporare, rezolv\u00e2ndu-se pe m\u0103sur\u0103 ce organismul se adapteaz\u0103 la medicamente.<\/p>\n<p>Cu toate acestea, exist\u0103 reac\u021bii adverse mai severe care necesit\u0103 asisten\u021b\u0103 medical\u0103 imediat\u0103, cum ar fi pierderea brusc\u0103 a vederii sau a auzului, dureri \u00een piept \u0219i erec\u021bii prelungite care dureaz\u0103 mai mult de patru ore (priapism). Este esen\u021bial s\u0103 urma\u021bi cu aten\u021bie instruc\u021biunile de dozare \u0219i s\u0103 v\u0103 consulta\u021bi cu un furnizor de asisten\u021b\u0103 medical\u0103 dac\u0103 apar reac\u021bii adverse. Persoanele cu anumite afec\u021biuni de s\u0103n\u0103tate, cum ar fi boli de inim\u0103 sau cei care iau nitra\u021bi, ar trebui s\u0103 evite utilizarea Fildena Super Active.<\/p>\n<h2>Compar\u00e2nd Fildena Super Active cu alte tratamente ED<\/h2>\n<p>Fildena Super Active este adesea comparat\u0103 cu alte tratamente ED, cum ar fi Viagra, Cialis \u0219i Levitra. De\u0219i toate aceste medicamente apar\u021bin clasei de inhibitori PDE5, ele difer\u0103 \u00een ceea ce prive\u0219te debutul \u0219i durata ac\u021biunii. Formularea de gel moale a Fildena Super Active permite o absorb\u021bie mai rapid\u0103, ceea ce o face o alegere popular\u0103 pentru cei care caut\u0103 rezultate rapide.<\/p>\n<p>\u00cen compara\u021bie cu Cialis, care poate dura p\u00e2n\u0103 la 36 de ore, Fildena Super Active ofer\u0103 o fereastr\u0103 mai scurt\u0103 de eficacitate, de obicei \u00een jur de 4 p\u00e2n\u0103 la 6 ore. Cu toate acestea, acest lucru poate fi mai potrivit pentru persoanele care caut\u0103 ameliorarea pe termen scurt a disfunc\u021biei erectile. \u00cen cele din urm\u0103, alegerea dintre aceste medicamente depinde de preferin\u021bele personale, stilul de via\u021b\u0103 \u0219i sfatul medical.<\/p>\n<h2>Rolul Fildenei Super Active \u00een tratarea disfunc\u021biei erectile<\/h2>\n<p>Fildena Super Active joac\u0103 un rol semnificativ \u00een tratamentul disfunc\u021biei erectile, oferind o solu\u021bie eficient\u0103 pentru mul\u021bi b\u0103rba\u021bi care se lupt\u0103 cu aceast\u0103 afec\u021biune. \u00cembun\u0103t\u0103\u021bind fluxul de s\u00e2nge c\u0103tre penis, abordeaz\u0103 aspectul fiziologic al DE, permi\u021b\u00e2nd indivizilor s\u0103 se angajeze \u00een activitate sexual\u0103 cu mai mult\u0103 \u00eencredere.<\/p>\n<p>Cu toate acestea, este important s\u0103 privi\u021bi Fildena Super Active ca parte a unei abord\u0103ri cuprinz\u0103toare pentru tratarea disfunc\u021biei erectile. Acest lucru ar putea include abordarea factorilor stilului de via\u021b\u0103, cum ar fi dieta, exerci\u021biile fizice \u0219i s\u0103n\u0103tatea mintal\u0103, care pot avea impact asupra func\u021biei sexuale. \u00cen unele cazuri, consilierea sau terapia pot fi recomandate al\u0103turi de medicamente.<\/p>\n<h2>Fildena Super Active: Ghid de utilizare \u0219i dozare<\/h2>\n<p>Doza recomandat\u0103 de Fildena Super Active depinde de obicei de starea de s\u0103n\u0103tate a individului \u0219i de severitatea disfunc\u021biei erectile. O doz\u0103 ini\u021bial\u0103 obi\u0219nuit\u0103 este de 100 mg, luat\u0103 cu aproximativ 30 de minute p\u00e2n\u0103 la o or\u0103 \u00eenainte de activitatea sexual\u0103. Este important s\u0103 nu dep\u0103\u0219i\u021bi doza prescris\u0103 \u0219i s\u0103 utiliza\u021bi medicamentul numai la nevoie.<\/p>\n<p>Pacien\u021bii trebuie s\u0103 evite consumul de cantit\u0103\u021bi mari de alcool sau mese bogate \u00een gr\u0103simi atunci c\u00e2nd iau Fildena Super Active, deoarece acestea pot \u00eent\u00e2rzia apari\u021bia medicamentului. \u00cen plus, se recomand\u0103 s\u0103 nu lua\u021bi mai mult de o doz\u0103 \u00eentr-o perioad\u0103 de 24 de ore pentru a reduce riscul de efecte secundare \u0219i complica\u021bii.<\/p>\n<h2>Mituri despre eficacitatea Fildenei Super Active<\/h2>\n<p>Exist\u0103 un mit conform c\u0103ruia Fildena Super Active este ineficient\u0103 pentru cazurile severe de disfunc\u021bie erectil\u0103. \u00cen timp ce rezultatele individuale pot varia, studiile clinice au ar\u0103tat c\u0103 citratul de sildenafil, ingredientul activ, poate fi eficient chiar \u0219i la b\u0103rba\u021bii cu cazuri mai provocatoare de ED.<\/p>\n<p>O alt\u0103 concep\u021bie gre\u0219it\u0103 este c\u0103 Fildena Super Active func\u021bioneaz\u0103 instantaneu. De\u0219i formula de gel moale permite o absorb\u021bie rapid\u0103, totu\u0219i necesit\u0103 ceva timp pentru a avea efect \u0219i are nevoie de excitare sexual\u0103 pentru a func\u021biona. Este important ca utilizatorii s\u0103 \u00ee\u0219i gestioneze a\u0219tept\u0103rile \u0219i s\u0103 \u00een\u021beleag\u0103 c\u0103 medicamentul faciliteaz\u0103, mai degrab\u0103 dec\u00e2t creeaz\u0103, o erec\u021bie.<\/p>\n<h2>\u0218tiin\u021ba din spatele Fildenei Super Active<\/h2>\n<p>\u0218tiin\u021ba din spatele Fildena Super Active are r\u0103d\u0103cini \u00een capacitatea sa de a inhiba enzima PDE5, care este predominant\u0103 \u00een \u021besutul penisului. Prin blocarea acestei enzime, medicamentul \u00eembun\u0103t\u0103\u021be\u0219te efectul oxidului nitric, o substan\u021b\u0103 chimic\u0103 natural\u0103 care relaxeaz\u0103 mu\u0219chii \u0219i l\u0103rge\u0219te vasele de s\u00e2nge din penis.<\/p>\n<p>Acest proces ajut\u0103 la men\u021binerea nivelurilor adecvate de cGMP, care este crucial pentru ob\u021binerea unei erec\u021bii sus\u021binute. Cercet\u0103rile au sus\u021binut \u00een mod constant eficacitatea inhibitorilor PDE5, cum ar fi citratul de sildenafil, \u00een tratarea disfunc\u021biei erectile, f\u0103c\u00e2ndu-i o piatr\u0103 de temelie a terapiei moderne ED.<\/p>\n<h2>Fildena Super Active: Mituri vs. Realitate<\/h2>\n<p>Separ\u00e2nd miturile de realitate, este clar c\u0103 Fildena Super Active este un tratament eficient pentru disfunc\u021bia erectil\u0103, dar nu este un remediu magic. Ne\u00een\u021belegerile cu privire la capacit\u0103\u021bile sale duc adesea la a\u0219tept\u0103ri nerealiste \u0219i la utilizare gre\u0219it\u0103.<\/p>\n<p>Realitatea este c\u0103, de\u0219i Fildena Super Active poate \u00eembun\u0103t\u0103\u021bi semnificativ func\u021bia erectil\u0103, func\u021bioneaz\u0103 cel mai bine ca parte a unei abord\u0103ri holistice a s\u0103n\u0103t\u0103\u021bii sexuale. \u00cen\u021beleg\u00e2nd beneficiile \u0219i limit\u0103rile sale reale, utilizatorii \u00ee\u0219i pot gestiona mai bine starea \u0219i \u00ee\u0219i pot \u00eembun\u0103t\u0103\u021bi calitatea vie\u021bii.<\/p>\n<h2>Experien\u021be reale ale utilizatorilor cu Fildena Super Active<\/h2>\n<p>Mul\u021bi utilizatori ai Fildena Super Active raporteaz\u0103 experien\u021be pozitive, invoc\u00e2nd \u00eembun\u0103t\u0103\u021biri ale calit\u0103\u021bii erec\u021biei \u0219i satisfac\u021bia sexual\u0103 general\u0103. Debutul rapid al ac\u021biunii este deosebit de apreciat, permi\u021b\u00e2nd mai mult\u0103 spontaneitate \u00een situa\u021bii intime.<\/p>\n<p>Cu toate acestea, experien\u021bele pot varia, unii utilizatori raport\u00e2nd efecte secundare minore sau eficien\u021b\u0103 variabil\u0103. Aceste diferen\u021be depind adesea de factorii individuali de s\u0103n\u0103tate \u0219i de alegerile legate de stilul de via\u021b\u0103. \u00cen general, m\u0103rturiile utilizatorilor sugereaz\u0103 c\u0103, atunci c\u00e2nd este utilizat corect, Fildena Super Active poate fi un instrument valoros \u00een gestionarea disfunc\u021biei erectile.<\/p>\n<h2>Consultarea profesioni\u0219tilor din domeniul s\u0103n\u0103t\u0103\u021bii Despre Fildena Super Active<\/h2>\n<p>Consultarea cu un profesionist din domeniul s\u0103n\u0103t\u0103\u021bii este crucial\u0103 \u00eenainte de a \u00eencepe orice tratament ED, inclusiv Fildena Super Active. Un medic poate evalua dac\u0103 medicamentul este adecvat, lu\u00e2nd \u00een considerare istoricul medical al pacientului \u0219i eventualele interac\u021biuni medicamentoase.<\/p>\n<p>Furnizorii de asisten\u021b\u0103 medical\u0103 pot oferi, de asemenea, \u00eendrum\u0103ri cu privire la schimb\u0103rile stilului de via\u021b\u0103 \u0219i alte terapii care pot completa utilizarea Fildena Super Active. Lucr\u00e2nd \u00eendeaproape cu un profesionist medical, persoanele se pot asigura c\u0103 utilizeaz\u0103 medicamentul \u00een siguran\u021b\u0103 \u0219i eficient, maximiz\u00e2ndu-\u0219i \u0219ansele de succes.<\/p>\n","protected":false},"excerpt":{"rendered":"<p>Mituri \u0219i fapte despre Fildena Super Active Fildena Super Active este un tratament larg discutat pentru disfunc\u021bia erectil\u0103, \u00eenv\u0103luit \u00een mituri \u0219i concep\u021bii gre\u0219ite care adesea eclipseaz\u0103 beneficiile \u0219i func\u021biile sale reale. \u00cen\u021belegerea Fildena Super Active: Ce este Fildena Super Active este un medicament utilizat \u00een principal pentru a trata disfunc\u021bia erectil\u0103 (DE) la b\u0103rba\u021bi. [&hellip;]<\/p>\n","protected":false},"author":1,"featured_media":0,"parent":0,"menu_order":0,"comment_status":"closed","ping_status":"closed","template":"","meta":{"footnotes":""},"class_list":["post-17010","page","type-page","status-publish","hentry"],"_links":{"self":[{"href":"http:\/\/haywire.pl\/index.php?rest_route=\/wp\/v2\/pages\/17010","targetHints":{"allow":["GET"]}}],"collection":[{"href":"http:\/\/haywire.pl\/index.php?rest_route=\/wp\/v2\/pages"}],"about":[{"href":"http:\/\/haywire.pl\/index.php?rest_route=\/wp\/v2\/types\/page"}],"author":[{"embeddable":true,"href":"http:\/\/haywire.pl\/index.php?rest_route=\/wp\/v2\/users\/1"}],"replies":[{"embeddable":true,"href":"http:\/\/haywire.pl\/index.php?rest_route=%2Fwp%2Fv2%2Fcomments&post=17010"}],"version-history":[{"count":1,"href":"http:\/\/haywire.pl\/index.php?rest_route=\/wp\/v2\/pages\/17010\/revisions"}],"predecessor-version":[{"id":17011,"href":"http:\/\/haywire.pl\/index.php?rest_route=\/wp\/v2\/pages\/17010\/revisions\/17011"}],"wp:attachment":[{"href":"http:\/\/haywire.pl\/index.php?rest_route=%2Fwp%2Fv2%2Fmedia&parent=17010"}],"curies":[{"name":"wp","href":"https:\/\/api.w.org\/{rel}","templated":true}]}}