{"id":16760,"date":"2026-03-24T08:03:08","date_gmt":"2026-03-24T08:03:08","guid":{"rendered":"http:\/\/haywire.pl\/?page_id=16760"},"modified":"2026-03-24T08:03:08","modified_gmt":"2026-03-24T08:03:08","slug":"razumevanje-lumigana-003-in-njegove-uporabe","status":"publish","type":"page","link":"http:\/\/haywire.pl\/?page_id=16760","title":{"rendered":"Razumevanje Lumigana 0.03% in njegove uporabe"},"content":{"rendered":"<h1>Lumigan 0.03 % pri starej\u0161ih odraslih: smernice<\/h1>\n<p>Lumigan 0.03% je \u0161iroko predpisano zdravilo za zdravljenje glavkoma, zlasti pri starej\u0161ih odraslih, in razumevanje njegove uporabe, u\u010dinkov in zdravljenja je klju\u010dnega pomena za optimalno oskrbo.<\/p>\n<h2>Razumevanje Lumigana 0.03% in njegove uporabe<\/h2>\n<p>Lumigan 0.03% je farmacevtski izdelek, ki se uporablja predvsem za zdravljenje povi\u0161anega intraokularnega tlaka (IOP) pri bolnikih z glavkomom odprtega zakotja ali o\u010desno hipertenzijo. Spada v razred zdravil, znanih kot analogi prostaglandina, ki u\u010dinkovito zni\u017eujejo pritisk v o\u010desu. S tem pomaga prepre\u010devati nadaljnje po\u0161kodbe vidnega \u017eivca, ki je klju\u010dnega pomena za ohranjanje vida.<\/p>\n<p>Glavkom je progresivno stanje, ki lahko vodi v slepoto, \u010de ga ne zdravimo takoj. Ker se tveganje s starostjo pove\u010duje, Lumigan 0.03 % postane \u0161e posebej pomemben za starej\u0161e odrasle. Njegova lokalna uporaba kot kapljice za o\u010di je priro\u010dna mo\u017enost za mnoge bolnike, saj zagotavlja u\u010dinkovito zdravljenje, ki ga je mogo\u010de enostavno vklju\u010diti v vsakodnevne rutine.<\/p>\n<h2>Kako Lumigan 0.03% deluje pri zdravljenju glavkoma<\/h2>\n<p>Zdravilna u\u010dinkovina zdravila Lumigan 0.03%, bimatoprost, deluje tako, da posnema delovanje naravno prisotnih prostamidov. Te spojine pove\u010dajo odtok prekatne vodice, teko\u010dine v o\u010desu, skozi trabekularno mre\u017eo in uveoskleralne poti. Z olaj\u0161anjem odvajanja teko\u010dine Lumigan pomaga zni\u017eati intraokularni tlak, ki je zna\u010dilen za glavkom.<\/p>\n<p>Zni\u017eanje intraokularnega tlaka je klju\u010dnega pomena, saj lahko visok tlak s\u010dasoma po\u0161koduje vidni \u017eivec, kar povzro\u010di poslab\u0161anje vida. Mehanizem delovanja bimatoprosta je \u0161e posebej koristen, ker obravnava temeljni vzrok pove\u010danja pritiska in ne zgolj laj\u0161a simptome. Kot tak zagotavlja ciljno usmerjen pristop k obvladovanju glavkoma.<\/p>\n<h2>Priporo\u010deni odmerek zdravila Lumigan 0.03 % za starej\u0161e odrasle<\/h2>\n<p>Standardni odmerek zdravila Lumigan 0.03 % za odrasle, vklju\u010dno s starej\u0161imi bolniki, je ena kapljica v prizadeto oko (o\u010di) enkrat na dan, najbolje zve\u010der. Ta re\u017eim je zasnovan tako, da zagotavlja trajno zni\u017eanje pritiska v 24-urnem obdobju. Upo\u0161tevanje doslednega \u010dasa nanosa pomaga vzdr\u017eevati stabilne ravni zdravila v o\u010desu in s tem pove\u010dati njegove terapevtske u\u010dinke.<\/p>\n<p>Pomembno je, da starej\u0161i odrasli ali njihovi skrbniki natan\u010dno upo\u0161tevajo predpisano odmerjanje. Odstopanje od priporo\u010denega urnika lahko zmanj\u0161a u\u010dinkovitost zdravila in potencialno poslab\u0161a stanje. Bolnikom je treba svetovati, naj ne podvojijo odmerka, \u010de enega izpustijo, temve\u010d naj nadaljujejo z naslednjim na\u010drtovanim odmerkom.<\/p>\n<h2>Mo\u017eni stranski u\u010dinki zdravila Lumigan 0.03 % pri starej\u0161ih<\/h2>\n<p>Kot vsako zdravilo tudi Lumigan 0.03% lahko povzro\u010di ne\u017eelene u\u010dinke, od katerih so nekateri lahko bolj izraziti pri starej\u0161ih odraslih. Pogosti ne\u017eeleni u\u010dinki vklju\u010dujejo pordelost o\u010di, srbenje ali nelagodje. Ti simptomi so obi\u010dajno blagi in pogosto izzvenijo, ko se telo prilagodi zdravilu. Vendar pa se je treba ob vztrajnih ali hudih simptomih takoj posvetovati z zdravstvenim delavcem.<\/p>\n<p>Resnej\u0161i ne\u017eeleni u\u010dinki, \u010deprav redki, lahko vklju\u010dujejo spremembe barve o\u010di, rast trepalnic ali celo sistemske u\u010dinke, kot so omotica ali te\u017eave z dihanjem. Glede na zapletenost zdravstvenega stanja starej\u0161ih je nujno, da te ne\u017eelene u\u010dinke natan\u010dno spremljamo in jih lo\u010dimo od simptomov drugih stanj.<\/p>\n<h2>Spremljanje in obvladovanje ne\u017eelenih u\u010dinkov pri starej\u0161ih bolnikih<\/h2>\n<p>U\u010dinkovito obvladovanje ne\u017eelenih u\u010dinkov je klju\u010dnega pomena za ohranjanje adherence in zagotavljanje nadaljnje u\u010dinkovitosti zdravila Lumigan 0.03 %. Redni nadaljnji obiski pri oftalmologu lahko pomagajo spremljati bolnikov odziv na zdravilo in takoj odpraviti morebitne ne\u017eelene u\u010dinke.<\/p>\n<p>V primerih blagih stranskih u\u010dinkov so <a href=\"https:\/\/dostavazdravil.si\/lumigan-cena-brez-recepta\">https:\/\/dostavazdravil.si\/lumigan-cena-brez-recepta<\/a> lahko koristne preproste prilagoditve, kot je sprememba tehnike nanosa ali \u010dasa. Za pomembnej\u0161e reakcije lahko zdravstveni delavci razmislijo o alternativnih ali dodatnih terapijah. Bistvenega pomena je tudi, da bolnike in negovalce pou\u010dite o zgodnjem prepoznavanju stranskih u\u010dinkov, da prepre\u010dite zaplete.<\/p>\n<h2>Interakcije z drugimi zdravili, ki jih obi\u010dajno uporabljajo starej\u0161i odrasli<\/h2>\n<p>Starej\u0161i odrasli pogosto jemljejo ve\u010d zdravil, kar pove\u010da tveganje za medsebojno delovanje zdravil. Medtem ko Lumigan 0.03% je na splo\u0161no varen, zato je pomembno upo\u0161tevati njegov potencial medsebojnega delovanja z drugimi obi\u010dajnimi zdravili, kot so zaviralci adrenergi\u010dnih receptorjev beta, diuretiki ali nesteroidna protivnetna zdravila.<\/p>\n<p>Posvetovanje z zdravstvenim delavcem ali farmacevtom lahko pomaga prepoznati mo\u017ene interakcije in ustrezno prilagoditi re\u017eime zdravljenja. V nekaterih primerih lahko \u010dasovna razporeditev dajanja razli\u010dnih zdravil zmanj\u0161a tveganje medsebojnega delovanja in zagotovi, da zdravilo Lumigan 0.03% ohranja svojo u\u010dinkovitost brez ogro\u017eanja drugih zdravljenj.<\/p>\n<h2>Prilagoditev Lumigan 0.03% odmerjanje za starej\u0161e bolnike s komorbidnostmi<\/h2>\n<p>So\u010dasne bolezni, kot so sladkorna bolezen, hipertenzija in bolezni ledvic, so pogoste med starej\u0161imi odraslimi in lahko vplivajo na presnovo zdravil. V nekaterih primerih prilagoditve Lumigan 0.Za prilagoditev tem pogojem in zmanj\u0161anje tveganja ne\u017eelenih u\u010dinkov bo morda potreben odmerek 03 %.<\/p>\n<p>Ponudniki zdravstvenega varstva morajo skrbno oceniti zdravstveni profil vsakega pacienta, pri \u010demer morajo upo\u0161tevati dejavnike, kot so resnost komorbidnih stanj in vsa so\u010dasna zdravila. S tem lahko prilagodijo na\u010drte zdravljenja, ki uravnote\u017eijo u\u010dinkovitost in varnost ter zagotavljajo optimalne rezultate za vsakega bolnika.<\/p>\n<h2>Pomen rednih pregledov o\u010di za starej\u0161e na Lumiganu 0.03 %<\/h2>\n<p>Redni o\u010desni pregledi so bistveni za starej\u0161e, ki uporabljajo Lumigan 0.03 %. Ti pregledi omogo\u010dajo oftalmologom, da spremljajo napredovanje glavkoma in po potrebi prilagodijo na\u010drte zdravljenja. Zgodnje odkrivanje sprememb v zdravju o\u010di lahko prepre\u010di nadaljnje po\u0161kodbe in ohrani vid.<\/p>\n<p>Med temi obiski lahko o\u010desni strokovnjaki ocenijo u\u010dinkovitost zdravila Lumigan 0.03 % in zagotovite, da intraokularni tlak ostane znotraj ciljnih razponov. Ta proaktivni pristop je klju\u010dnega pomena pri obvladovanju kroni\u010dne bolezni, kot je glavkom, in ohranjanju bolnikove kakovosti \u017eivljenja.<\/p>\n<h2>Nasveti za dajanje zdravila Lumigan 0.03% kapljice za o\u010di za starej\u0161e odrasle<\/h2>\n<p>Dajanje kapljic za o\u010di je lahko za nekatere starej\u0161e odrasle te\u017eave zaradi te\u017eav s spretnostjo ali okvar vida. Da bi olaj\u0161ali pravilno uporabo, lahko negovalci pomagajo tako, da ne\u017eno dr\u017eijo veko in poskrbijo, da se konica kapalke ne dotika o\u010desa ali okolice.<\/p>\n<p>Bolnikom lahko tudi svetujemo, naj pred nanosom kapljice glavo rahlo nagnejo nazaj in pogledajo navzgor. Po nanosu lahko z zapiranjem o\u010desa in ne\u017enim pritiskom na notranji koti\u010dek prepre\u010dite prehitro odtekanje zdravila, s \u010dimer pove\u010date absorpcijo.<\/p>\n<h2>Prilagoditve \u017eivljenjskega sloga za podporo zdravju o\u010di pri starej\u0161ih, ki uporabljajo Lumigan<\/h2>\n<p>Poleg zdravil ima lahko sprememba \u017eivljenjskega sloga pomembno vlogo pri podpiranju zdravja o\u010di. Starej\u0161e je treba spodbujati k prehrani, bogati z antioksidanti, vitamini in minerali, ki spodbujajo zdravje o\u010di, kot so listnata zelenjava, ribe in ore\u0161\u010dki.<\/p>\n<p>Redna telesna aktivnost, zadostna hidracija in izogibanje kajenju lahko prispevajo tudi k splo\u0161nemu zdravju o\u010di. Te prakse v kombinaciji z Lumiganom 0.03 % ponuja celovit pristop k obvladovanju glavkoma in izbolj\u0161anju bolnikovega po\u010dutja.<\/p>\n<h2>Primerjava Lumigan 0.03 % z drugimi zdravili za zdravljenje glavkoma za starej\u0161e odrasle<\/h2>\n<p>Lumigan 0.03% je ena od ve\u010d mo\u017enosti za zdravljenje glavkoma. Druga zdravljenja vklju\u010dujejo zdravila, kot so zaviralci beta, zaviralci karboanhidraze in kirur\u0161ki posegi. Vsaka mo\u017enost ima razli\u010dne prednosti in potencialne slabosti.<\/p>\n<p>Pri starej\u0161ih odraslih je izbira zdravljenja pogosto odvisna od individualnega zdravstvenega profila, resnosti glavkoma in osebnih preferenc. Zaradi u\u010dinkovitosti zdravila Lumigan pri zni\u017eevanju intraokularnega tlaka, skupaj s priro\u010dno uporabo, je za mnoge najprimernej\u0161a izbira, vendar je bistveno, da vse mo\u017enosti ocenite pri izvajalcu zdravstvenih storitev.<\/p>\n<h2>Odgovarjanje na skrbi in vpra\u0161anja starej\u0161ih bolnikov<\/h2>\n<p>U\u010dinkovita komunikacija je klju\u010dnega pomena pri obravnavanju skrbi starej\u0161ih bolnikov, ki uporabljajo Lumigan 0.03 %. Pogosta vpra\u0161anja se lahko nana\u0161ajo na ne\u017eelene u\u010dinke, trajanje zdravljenja in vpliv na dnevne aktivnosti. Zagotavljanje jasnih, empati\u010dnih odgovorov lahko ubla\u017ei tesnobo in zgradi zaupanje.<\/p>\n<p>Ponudniki zdravstvenega varstva bi morali paciente spodbujati, da izrazijo svoje skrbi in postavljajo vpra\u0161anja ter spodbujajo odprt dialog, ki podpira informirano odlo\u010danje. Ta pristop ne le izbolj\u0161a adherenco, ampak tudi izbolj\u0161a celotno izku\u0161njo zdravljenja.<\/p>\n<h2>Dolgotrajna uporaba Lumigan 0.03% in njegove posledice za zdravje starej\u0161ih<\/h2>\n<p>Dolgotrajna uporaba Lumigan 0.03% se na splo\u0161no dobro prena\u0161a, vendar je stalno spremljanje klju\u010dnega pomena za zagotovitev, da ostane u\u010dinkovito in varno. S\u010dasoma se lahko pri nekaterih bolnikih spremeni njihov odziv na zdravila, zaradi \u010desar je treba prilagoditi njihove na\u010drte zdravljenja.<\/p>\n<p>Redno ocenjevanje zdravja o\u010di in splo\u0161nega dobrega po\u010dutja omogo\u010da pravo\u010dasne posege in spremembe, ki podpirajo trajen nadzor nad glavkomom in zmanj\u0161ujejo tveganje za zaplete. S pravilnim ravnanjem lahko starej\u0161i \u0161e naprej izkoristijo za\u0161\u010ditne u\u010dinke Lumigana 0.03 % dolgoro\u010dno.<\/p>\n<h2>Spodbujanje upo\u0161tevanja Lumigana 0.03% Zdravljenje pri starej\u0161ih odraslih<\/h2>\n<p>Upo\u0161tevanje zdravljenja je pogost izziv pri obvladovanju kroni\u010dnih bolezni, kot je glavkom. Pri starej\u0161ih odraslih lahko dejavniki, kot so pozabljivost, zapletenost re\u017eimov ali pomanjkanje zaznanih koristi, ovirajo skladnost.<\/p>\n<p>Strategije za izbolj\u0161anje adherence vklju\u010dujejo poenostavitev urnikov odmerjanja, uporabo opomnikov za zdravila in vklju\u010devanje dru\u017einskih \u010dlanov ali negovalcev v proces zdravljenja. Zagotavljanje, da pacienti razumejo pomen dosledne uporabe, lahko tudi motivira privr\u017eenost, kar na koncu izbolj\u0161a rezultate.<\/p>\n<h2>Viri in podpora za starej\u0161e odrasle, ki uporabljajo Lumigan 0.03 %<\/h2>\n<p>Viri podpore lahko znatno izbolj\u0161ajo izku\u0161njo starej\u0161ih odraslih z uporabo Lumigana 0.03 %. Ponudniki zdravstvenega varstva lahko bolnike pove\u017eejo s skupnostnimi slu\u017ebami, podpornimi skupinami ali izobra\u017eevalnimi gradivi, ki nudijo smernice in pomiritev.<\/p>\n<p>Dostop do tak\u0161nih virov omogo\u010da bolnikom, da proaktivno obvladujejo svoje stanje, ter spodbuja ob\u010dutek skupnosti in razumevanja. Z izkori\u0161\u010danjem te podpore lahko starej\u0161i samozavestno in vzdr\u017eljivo vodijo svojo pot zdravljenja.<\/p>\n","protected":false},"excerpt":{"rendered":"<p>Lumigan 0.03 % pri starej\u0161ih odraslih: smernice Lumigan 0.03% je \u0161iroko predpisano zdravilo za zdravljenje glavkoma, zlasti pri starej\u0161ih odraslih, in razumevanje njegove uporabe, u\u010dinkov in zdravljenja je klju\u010dnega pomena za optimalno oskrbo. Razumevanje Lumigana 0.03% in njegove uporabe Lumigan 0.03% je farmacevtski izdelek, ki se uporablja predvsem za zdravljenje povi\u0161anega intraokularnega tlaka (IOP) pri [&hellip;]<\/p>\n","protected":false},"author":1,"featured_media":0,"parent":0,"menu_order":0,"comment_status":"closed","ping_status":"closed","template":"","meta":{"footnotes":""},"class_list":["post-16760","page","type-page","status-publish","hentry"],"_links":{"self":[{"href":"http:\/\/haywire.pl\/index.php?rest_route=\/wp\/v2\/pages\/16760","targetHints":{"allow":["GET"]}}],"collection":[{"href":"http:\/\/haywire.pl\/index.php?rest_route=\/wp\/v2\/pages"}],"about":[{"href":"http:\/\/haywire.pl\/index.php?rest_route=\/wp\/v2\/types\/page"}],"author":[{"embeddable":true,"href":"http:\/\/haywire.pl\/index.php?rest_route=\/wp\/v2\/users\/1"}],"replies":[{"embeddable":true,"href":"http:\/\/haywire.pl\/index.php?rest_route=%2Fwp%2Fv2%2Fcomments&post=16760"}],"version-history":[{"count":1,"href":"http:\/\/haywire.pl\/index.php?rest_route=\/wp\/v2\/pages\/16760\/revisions"}],"predecessor-version":[{"id":16761,"href":"http:\/\/haywire.pl\/index.php?rest_route=\/wp\/v2\/pages\/16760\/revisions\/16761"}],"wp:attachment":[{"href":"http:\/\/haywire.pl\/index.php?rest_route=%2Fwp%2Fv2%2Fmedia&parent=16760"}],"curies":[{"name":"wp","href":"https:\/\/api.w.org\/{rel}","templated":true}]}}