{"id":16758,"date":"2026-03-24T07:58:04","date_gmt":"2026-03-24T07:58:04","guid":{"rendered":"http:\/\/haywire.pl\/?page_id=16758"},"modified":"2026-03-24T07:58:04","modified_gmt":"2026-03-24T07:58:04","slug":"razumevanje-doksiciklina-uporaba-in-mehanizem","status":"publish","type":"page","link":"http:\/\/haywire.pl\/?page_id=16758","title":{"rendered":"Razumevanje doksiciklina: uporaba in mehanizem"},"content":{"rendered":"<h1>Doksiciklin in alkohol\/hrana: kaj je varno in kaj ne<\/h1>\n<p>Razumevanje interakcij med doksiciklinom ter razli\u010dnimi \u017eivili in pija\u010dami je klju\u010dnega pomena za zagotavljanje njegove u\u010dinkovitosti in zmanj\u0161anje ne\u017eelenih u\u010dinkov.<\/p>\n<h2>Razumevanje doksiciklina: uporaba in mehanizem<\/h2>\n<p>Doksiciklin je antibiotik \u0161irokega spektra, ki spada v razred tetraciklinov in se pogosto uporablja za zdravljenje vrste bakterijskih oku\u017eb. Te oku\u017ebe med drugim vklju\u010dujejo oku\u017ebe dihalnih poti, ko\u017ene oku\u017ebe in spolno prenosljive bolezni. Z zaviranjem sinteze beljakovin doksiciklin u\u010dinkovito ustavi rast in \u0161irjenje bakterij, zaradi \u010desar je klju\u010dno orodje v boju proti bakterijskim oku\u017ebam. Njegova vsestranskost in sorazmerno nizki stro\u0161ki so prispevali k njegovi \u0161iroki uporabi v humani in veterinarski medicini.<\/p>\n<p>Poleg svoje glavne funkcije antibiotika ima doksiciklin protivnetne lastnosti, zaradi katerih je koristen pri zdravljenju stanj, kot so akne in rozacea. Sposobnost zdravila, da prodre v telesna tkiva, prav tako pove\u010da njegovo u\u010dinkovitost proti znotrajceli\u010dnim bakterijam, ki jih je pogosto te\u017eje zdraviti z drugimi antibiotiki. Razumevanje mehanizma delovanja doksiciklina je bistveno za oceno njegove vloge in omejitev pri zdravljenju.<\/p>\n<h2>Splo\u0161ne smernice za u\u017eivanje doksiciklina<\/h2>\n<p>Pri predpisovanju doksiciklina je bistveno, da natan\u010dno upo\u0161tevate navodila za odmerjanje, da zagotovite optimalno u\u010dinkovitost in zmanj\u0161ate morebitne stranske u\u010dinke. Obi\u010dajno je treba doksiciklin vzeti s polnim kozarcem vode, da se prepre\u010di dra\u017eenje po\u017eiralnika, in ga je treba zau\u017eiti eno uro pred ali dve uri po obroku. Ta \u010das pomaga pove\u010dati absorpcijo in zmanj\u0161a verjetnost gastrointestinalnega neugodja.<\/p>\n<p>Bolniki se morajo takoj po zau\u017eitju doksiciklina izogibati le\u017eanju, saj lahko to pove\u010da tveganje za dra\u017eenje po\u017eiralnika ali razjede. Prav tako je pomembno dokon\u010dati celoten predpisani ciklus zdravljenja z antibiotiki, tudi \u010de se simptomi izbolj\u0161ajo, preden je zdravljenje kon\u010dano. Prezgodnja prekinitev zdravljenja lahko privede do ponovnega izbruha oku\u017ebe in prispeva k odpornosti na antibiotike.<\/p>\n<h2>Alkohol in doksiciklin: mo\u017ene interakcije<\/h2>\n<p>Ena od pogostih skrbi bolnikov, ki jemljejo doksiciklin, je njegova interakcija z alkoholom. \u010ceprav se na splo\u0161no ne pri\u010dakuje, da bi zmerno u\u017eivanje alkohola bistveno vplivalo na u\u010dinkovitost doksiciklina, lahko prekomerno pitje predstavlja tveganje. Alkohol lahko poslab\u0161a ne\u017eelene u\u010dinke doksiciklina, kot so slabost, omotica in razdra\u017een \u017eelodec, zaradi \u010desar je zdravljenje za bolnika bolj neprijetno.<\/p>\n<p>Poleg tega lahko obi\u010dajno ali veliko u\u017eivanje alkohola zmanj\u0161a sposobnost telesa za presnovo doksiciklina. Posledica tega je lahko zmanj\u0161ana u\u010dinkovitost antibiotika ali pove\u010dani ne\u017eeleni u\u010dinki. Bolnikom svetujemo, naj se o svojih navadah u\u017eivanja alkohola pogovorijo s svojim zdravstvenim delavcem, da ocenijo morebitna tveganja in sprejmejo informirane odlo\u010ditve o svojem na\u010drtu zdravljenja.<\/p>\n<h2>U\u010dinki alkohola na u\u010dinkovitost doksiciklina<\/h2>\n<p>Alkohol, zlasti v velikih koli\u010dinah, lahko pomembno vpliva na u\u010dinkovitost doksiciklina. Kroni\u010dno u\u017eivanje alkohola povzro\u010di dolo\u010dene jetrne encime, ki lahko pospe\u0161ijo presnovo doksiciklina, kar lahko zmanj\u0161a njegovo koncentracijo v krvnem obtoku in njegovo u\u010dinkovitost proti bakterijam. To je \u0161e posebej kriti\u010dno za stanja, ki zahtevajo dosledne terapevtske ravni zdravila.<\/p>\n<p>Poleg tega lahko alkohol oslabi imunski sistem, kar je v boju proti oku\u017ebam kontraproduktivno. \u010ceprav zmerno u\u017eivanje morda ne bo drasti\u010dno spremenilo u\u010dinkovitosti doksiciklina, je na splo\u0161no priporo\u010dljivo zmanj\u0161ati vnos alkohola med obdobjem zdravljenja, da zagotovite najbolj\u0161e mo\u017ene rezultate.<\/p>\n<h2>\u017divila, ki se jim je treba izogibati med jemanjem doksiciklina<\/h2>\n<p>Nekatera \u017eivila lahko vplivajo na absorpcijo in u\u010dinkovitost doksiciklina. Med jemanjem doksiciklina se je tik pred jemanjem zdravila smotrno izogibati hrani z visoko vsebnostjo kalcija, magnezija in \u017eeleza. Ti minerali se lahko ve\u017eejo na doksiciklin v \u017eelodcu in tvorijo netopne komplekse, ki jih telo ne more u\u010dinkovito absorbirati.<\/p>\n<p>Druga \u017eivila, ki bi <a href=\"https:\/\/hitralekarna.si\/doksiciklin-strosek-brez-recepta\">Doksiciklin Brez Recepta<\/a> lahko vplivala na absorpcijo doksiciklina, vklju\u010dujejo \u017eivila z visoko vsebnostjo aluminija, kot so nekateri antacidi. Najbolje je, da doksiciklin vzamete vsaj dve uri pred u\u017eivanjem tak\u0161nih \u017eivil ali dodatkov, da se izognete morebitnim interakcijam, ki bi lahko zmanj\u0161ale u\u010dinkovitost zdravila.<\/p>\n<h2>Mle\u010dni izdelki in absorpcija doksiciklina<\/h2>\n<p>Mle\u010dni izdelki so pogosta skrb, ko gre za absorpcijo doksiciklina. Mleko, sir, jogurt in drugi mle\u010dni izdelki vsebujejo kalcij, ki se lahko ve\u017ee na doksiciklin in ovira njegovo absorpcijo v prebavnem traktu. Ta interakcija lahko znatno zmanj\u0161a biolo\u0161ko uporabnost zdravila, zaradi \u010desar je manj u\u010dinkovito pri zdravljenju oku\u017eb.<\/p>\n<p>Da bi se izognili tej te\u017eavi, je priporo\u010dljivo, da se bolniki izogibajo u\u017eivanju mle\u010dnih izdelkov v dveh urah pred ali po jemanju doksiciklina. Ta previdnostni ukrep pomaga ohranjati u\u010dinkovitost zdravila z zagotavljanjem ustrezne absorpcije v krvni obtok.<\/p>\n<h2>Doksiciklin in \u017eivila, bogata s kalcijem<\/h2>\n<p>S kalcijem bogata \u017eivila, podobno kot mle\u010dni izdelki, predstavljajo izziv, \u010de jih jemljemo skupaj z doksiciklinom. \u017divila, kot so obogatena \u017eita, nekatera listnata zelenjava in dodatki, ki vsebujejo kalcij, lahko motijo \u200b\u200b\u200b\u200babsorpcijo antibiotika. Vezava kalcija na doksiciklin tvori kompleks, ki ga telo te\u017eko absorbira, kar zmanj\u0161a razpolo\u017eljivost zdravila.<\/p>\n<p>Bolniki morajo paziti na vnos \u017eivil, bogatih s kalcijem, in si prizadevati, da njihovo u\u017eivanje lo\u010dijo od odmerjanja doksiciklina. Ta pristop pomaga zagotoviti, da antibiotik ostane u\u010dinkovit pri zdravljenju bolezni, za katero je bil predpisan.<\/p>\n<h2>Grenivkin sok in doksiciklin: tvegana kombinacija<\/h2>\n<p>Znano je, da grenivkin sok deluje z razli\u010dnimi zdravili in doksiciklin ni izjema. Spojine v grenivkinem soku lahko zavirajo encime, ki so odgovorni za presnovo nekaterih zdravil, kar lahko vodi do zvi\u0161anih ravni doksiciklina v krvnem obtoku. To lahko pove\u010da tveganje za ne\u017eelene u\u010dinke, kot sta slabost in omotica.<\/p>\n<p>Da bi se izognili zapletom, se bolnikom svetuje, naj se med zdravljenjem z doksiciklinom izogibajo grenivkinemu soku in drugim izdelkom, ki vsebujejo grenivko. Ta preprosta prilagoditev prehrane lahko pomaga prepre\u010diti ne\u017eelene u\u010dinke in ohraniti varnost in u\u010dinkovitost antibioti\u010dne terapije.<\/p>\n<h2>Varne prehranske prakse med jemanjem doksiciklina<\/h2>\n<p>Sprejemanje varnih prehranjevalnih praks med jemanjem doksiciklina lahko pomembno prispeva k uspehu zdravljenja. Bolniki se morajo osredoto\u010diti na u\u017eivanje uravnote\u017eene prehrane, bogate s sadjem, zelenjavo, pustimi beljakovinami in polnozrnatimi \u017eiti, pri tem pa morajo biti previdni glede \u010dasa in sestave svojih obrokov glede na razpored jemanja zdravil.<\/p>\n<p>Nujno je tudi spremljati vnos dodatkov in obogatene hrane, ki lahko vsebujejo minerale, ki motijo \u200b\u200babsorpcijo doksiciklina. Z vzdr\u017eevanjem dobro zaokro\u017eene prehrane in upo\u0161tevanjem mo\u017enih interakcij lahko pacienti podprejo proces celjenja svojega telesa in pove\u010dajo u\u010dinkovitost svojega zdravljenja z antibiotiki.<\/p>\n<h2>Obvladovanje ne\u017eelenih u\u010dinkov: kaj jesti in piti<\/h2>\n<p>Ne\u017eeleni u\u010dinki med jemanjem doksiciklina niso neobi\u010dajni, med najpogostej\u0161imi so te\u017eave s prebavili. Za obvladovanje teh stranskih u\u010dinkov lahko bolniki vklju\u010dijo hrano, ki je ne\u017ena za \u017eelodec, kot so banane, ri\u017e, jabol\u010dna omaka in toast. Ta \u017eivila lahko pomagajo ubla\u017eiti prebavne te\u017eave, ne da bi motila absorpcijo zdravila.<\/p>\n<p>Ohranjanje hidracije je prav tako klju\u010dnega pomena za ubla\u017eitev nekaterih ne\u017eelenih u\u010dinkov. Pitje veliko vode lahko pomaga ubla\u017eiti simptome, kot sta slabost in vrtoglavica, medtem ko lahko zeli\u0161\u010dni \u010daji in bistre juhe zagotovijo dodatno hidracijo, ne da bi vznemirili \u017eelodec. Te prilagoditve prehrane lahko pomagajo narediti obdobje zdravljenja udobnej\u0161e.<\/p>\n<h2>\u010casovna razporeditev obrokov in odmerjanje doksiciklina<\/h2>\n<p>\u010cas obrokov glede na odmerek doksiciklina je pomemben vidik za pove\u010danje u\u010dinkovitosti zdravila. Obi\u010dajno se priporo\u010da jemanje doksiciklina na prazen \u017eelodec, obi\u010dajno eno uro pred ali dve uri po obroku, da se omogo\u010di optimalna absorpcija. \u010ce pa se pojavi nelagodje v prebavilih, lahko za laj\u0161anje simptomov zau\u017eijete lahek prigrizek.<\/p>\n<p>Bolniki si morajo prizadevati za vzpostavitev doslednega razporeda jemanja doksiciklina in ga uskladiti s svojo dnevno rutino, da se izognejo izpu\u0161\u010denim odmerkom. Ta doslednost pomaga vzdr\u017eevati enakomerne ravni zdravila v sistemu in s tem pove\u010da njegovo u\u010dinkovitost pri zdravljenju oku\u017eb.<\/p>\n<h2>Hidracija in doksiciklin: pomen vode<\/h2>\n<p>Hidracija igra klju\u010dno vlogo pri podpiranju odziva telesa na zdravljenje z doksiciklinom. Ustrezen vnos vode pomaga prepre\u010devati dra\u017eenje po\u017eiralnika, ki se lahko pojavi med jemanjem zdravila, in podpira splo\u0161ne telesne funkcije. Pitje polnega kozarca vode z vsakim odmerkom je preprost, a u\u010dinkovit ukrep za zagotovitev, da je zdravilo varno pogoltnjeno in u\u010dinkovito absorbirano.<\/p>\n<p>Poleg tega lahko ohranjanje hidracije pomaga pri izpiranju toksinov in bla\u017ei stranske u\u010dinke, kot sta suha usta ali omotica. Bolniki si morajo prizadevati, da popijejo vsaj priporo\u010deno dnevno koli\u010dino vode, ki jo prilagodijo individualnim potrebam glede na dejavnike, kot sta podnebje in stopnja aktivnosti.<\/p>\n<h2>Dolgotrajna uporaba doksiciklina: prehranski vidiki<\/h2>\n<p>Za bolnike, ki potrebujejo dolgotrajno zdravljenje z doksiciklinom, postajajo prehranski premisleki vedno bolj pomembni. Dolgotrajna uporaba antibiotika lahko vpliva na ravnovesje \u010drevesne flore, kar povzro\u010di prebavne te\u017eave. Da bi se temu izognili, lahko bolniki razmislijo o vklju\u010ditvi \u017eivil, bogatih s probiotiki, kot je jogurt z \u017eivimi kulturami ali fermentirani izdelki, da pomagajo vzdr\u017eevati zdrav \u010drevesni mikrobiom.<\/p>\n<p>Poleg tega je klju\u010dnega pomena zagotavljanje ustreznega vnosa hranil, saj lahko dolgoro\u010dna uporaba antibiotikov v\u010dasih vpliva na absorpcijo nekaterih vitaminov in mineralov. Dobro zaokro\u017eena prehrana, ki jo lahko dopolnimo pod zdravni\u0161kim vodstvom, lahko pomaga pri re\u0161evanju teh prehranskih potreb in podpira splo\u0161no zdravje.<\/p>\n<h2>Posvetovanje ponudnikom zdravstvenih storitev o prehrani in doksiciklinu<\/h2>\n<p>Posvetovanje z zdravstvenimi delavci o prehranjevalnih navadah med jemanjem doksiciklina je bistvenega pomena za prilagajanje zdravljenja individualnim potrebam. Zdravstveni delavci lahko ponudijo dragocen vpogled v mo\u017ene interakcije in zagotovijo prilagojena priporo\u010dila, ki upo\u0161tevajo bolnikovo zdravstveno zgodovino in trenutno stanje.<\/p>\n<p>Z razpravo o kakr\u0161nih koli pomislekih ali vpra\u0161anjih z zdravnikom ali farmacevtom si lahko bolniki razjasnijo, kako najbolje upravljati svojo prehrano ob zdravljenju z doksiciklinom. Ta proaktivni pristop pomaga zagotoviti varno in u\u010dinkovito izku\u0161njo zdravljenja.<\/p>\n<h2>Izku\u0161nje iz resni\u010dnega \u017eivljenja: Upravljanje prehrane z doksiciklinom<\/h2>\n<p>\u0160tevilni posamezniki so delili svoje izku\u0161nje z obvladovanjem prehranskih vpra\u0161anj med jemanjem doksiciklina, pri \u010demer so izpostavili izzive in re\u0161itve. Nekateri bolniki poro\u010dajo o za\u010detnih te\u017eavah s stranskimi u\u010dinki, ki so jih ubla\u017eili s prilagajanjem \u010dasa obrokov ali vklju\u010ditvijo posebnih \u017eivil za laj\u0161anje nelagodja v prebavilih.<\/p>\n<p>Drugi so ugotovili, da je vzdr\u017eevanje odprte komunikacije z njihovimi izvajalci zdravstvenih storitev klju\u010dnega pomena pri krmarjenju s prehranskimi omejitvami in zagotavljanju uspe\u0161nih rezultatov zdravljenja. Te izku\u0161nje iz resni\u010dnega \u017eivljenja poudarjajo pomen obve\u0161\u010denosti in prilagodljivosti pri upravljanju prehrane med zdravljenjem z antibiotiki.<\/p>\n","protected":false},"excerpt":{"rendered":"<p>Doksiciklin in alkohol\/hrana: kaj je varno in kaj ne Razumevanje interakcij med doksiciklinom ter razli\u010dnimi \u017eivili in pija\u010dami je klju\u010dnega pomena za zagotavljanje njegove u\u010dinkovitosti in zmanj\u0161anje ne\u017eelenih u\u010dinkov. Razumevanje doksiciklina: uporaba in mehanizem Doksiciklin je antibiotik \u0161irokega spektra, ki spada v razred tetraciklinov in se pogosto uporablja za zdravljenje vrste bakterijskih oku\u017eb. Te oku\u017ebe [&hellip;]<\/p>\n","protected":false},"author":1,"featured_media":0,"parent":0,"menu_order":0,"comment_status":"closed","ping_status":"closed","template":"","meta":{"footnotes":""},"class_list":["post-16758","page","type-page","status-publish","hentry"],"_links":{"self":[{"href":"http:\/\/haywire.pl\/index.php?rest_route=\/wp\/v2\/pages\/16758","targetHints":{"allow":["GET"]}}],"collection":[{"href":"http:\/\/haywire.pl\/index.php?rest_route=\/wp\/v2\/pages"}],"about":[{"href":"http:\/\/haywire.pl\/index.php?rest_route=\/wp\/v2\/types\/page"}],"author":[{"embeddable":true,"href":"http:\/\/haywire.pl\/index.php?rest_route=\/wp\/v2\/users\/1"}],"replies":[{"embeddable":true,"href":"http:\/\/haywire.pl\/index.php?rest_route=%2Fwp%2Fv2%2Fcomments&post=16758"}],"version-history":[{"count":1,"href":"http:\/\/haywire.pl\/index.php?rest_route=\/wp\/v2\/pages\/16758\/revisions"}],"predecessor-version":[{"id":16759,"href":"http:\/\/haywire.pl\/index.php?rest_route=\/wp\/v2\/pages\/16758\/revisions\/16759"}],"wp:attachment":[{"href":"http:\/\/haywire.pl\/index.php?rest_route=%2Fwp%2Fv2%2Fmedia&parent=16758"}],"curies":[{"name":"wp","href":"https:\/\/api.w.org\/{rel}","templated":true}]}}