{"id":16664,"date":"2026-03-24T04:53:23","date_gmt":"2026-03-24T04:53:23","guid":{"rendered":"http:\/\/haywire.pl\/?page_id=16664"},"modified":"2026-03-24T04:53:23","modified_gmt":"2026-03-24T04:53:23","slug":"cialis-original-verstehen-verwendung-und-vorteile-2","status":"publish","type":"page","link":"http:\/\/haywire.pl\/?page_id=16664","title":{"rendered":"Cialis Original verstehen: Verwendung und Vorteile"},"content":{"rendered":"<h1>Cialis Original und niedriger Testosteronspiegel: K\u00f6nnen Sie es verwenden??<\/h1>\n<p>Dieser Artikel untersucht das Zusammenspiel zwischen Cialis Original und niedrigem Testosteronspiegel und befasst sich mit deren Verwendung, Wirkung und m\u00f6glichen Vorteilen f\u00fcr die Gesundheit von M\u00e4nnern.<\/p>\n<h2>Cialis Original verstehen: Verwendung und Vorteile<\/h2>\n<p>Cialis Original, ein bekanntes Medikament in der Welt der Behandlung von erektiler Dysfunktion (ED), wird h\u00e4ufig zur Verbesserung der sexuellen Leistungsf\u00e4higkeit bei M\u00e4nnern eingesetzt. Sein Wirkstoff Tadalafil f\u00f6rdert die Durchblutung des Penis und erm\u00f6glicht so eine Erektion als Reaktion auf sexuelle Stimulation. Im Gegensatz zu anderen ED-Medikamenten wird Cialis oft wegen seiner langanhaltenden Wirkung bevorzugt, die bis zu 36 Stunden anhalten kann. Diese verl\u00e4ngerte Wirkungsdauer hat ihm den Spitznamen eingebracht &quot;die Wochenendpille.&quot;<\/p>\n<p>Neben seiner prim\u00e4ren Anwendung bei ED ist Cialis Original auch f\u00fcr die Behandlung der benignen Prostatahyperplasie (BPH), allgemein bekannt als vergr\u00f6\u00dferte Prostata, zugelassen. Durch die Entspannung der Muskelfasern in Prostata und Blase kann Cialis dazu beitragen, mit BPH verbundene Harnsymptome wie h\u00e4ufiges Wasserlassen oder Schwierigkeiten beim Wasserlassen zu lindern. Diese Doppelfunktion macht Cialis zu einer vielseitigen Option f\u00fcr M\u00e4nner, die sowohl an ED als auch an BPH leiden.<\/p>\n<h2>Die Rolle von Testosteron f\u00fcr die M\u00e4nnergesundheit<\/h2>\n<p>Testosteron spielt eine entscheidende Rolle in verschiedenen Aspekten der M\u00e4nnergesundheit, von der Sexualfunktion bis hin zu Muskelmasse und Knochendichte. Es ist das prim\u00e4re m\u00e4nnliche Sexualhormon, das f\u00fcr die Entwicklung des m\u00e4nnlichen Fortpflanzungsgewebes verantwortlich ist, und es f\u00f6rdert auch sekund\u00e4re Geschlechtsmerkmale wie eine erh\u00f6hte Muskel- und Knochenmasse sowie das Wachstum von K\u00f6rperbehaarung. \u00dcber die k\u00f6rperlichen Eigenschaften hinaus ist Testosteron f\u00fcr die Aufrechterhaltung der Libido und der allgemeinen Stimmungsstabilit\u00e4t von entscheidender Bedeutung.<\/p>\n<p>Ein niedriger Testosteronspiegel kann zu verschiedenen gesundheitlichen Problemen f\u00fchren, darunter verminderte Libido, M\u00fcdigkeit und sogar Stimmungsst\u00f6rungen wie Depressionen. Wenn M\u00e4nner \u00e4lter werden, sinkt der Testosteronspiegel auf nat\u00fcrliche Weise, was zu der sogenannten Andropause oder Menopause bei M\u00e4nnern f\u00fchrt. Das Verst\u00e4ndnis der Rolle von Testosteron ist f\u00fcr die wirksame Bew\u00e4ltigung dieser altersbedingten Ver\u00e4nderungen von entscheidender Bedeutung.<\/p>\n<h2>Symptome und Diagnose eines niedrigen Testosteronspiegels<\/h2>\n<p>Ein niedriger Testosteronspiegel oder Hypogonadismus kann sich durch eine Vielzahl von Symptomen \u00e4u\u00dfern, die die Lebensqualit\u00e4t eines Mannes beeintr\u00e4chtigen k\u00f6nnen. H\u00e4ufige Symptome sind verminderte Libido, erektile Dysfunktion, verminderte Muskelmasse, erh\u00f6hter K\u00f6rperfettanteil und M\u00fcdigkeit. Dar\u00fcber hinaus k\u00f6nnen bei manchen M\u00e4nnern Stimmungsschwankungen wie Reizbarkeit oder Depression sowie ein R\u00fcckgang der Motivation auftreten.<\/p>\n<p>Die Diagnose eines niedrigen Testosteronspiegels umfasst typischerweise eine Kombination aus Symptombeurteilung und Blutuntersuchungen zur Messung des Testosteronspiegels. Medizinisches Fachpersonal f\u00fchrt diese Tests h\u00e4ufig morgens durch, wenn der Testosteronspiegel seinen H\u00f6hepunkt erreicht. Die Diagnose eines niedrigen Testosteronspiegels wird in der Regel best\u00e4tigt, wenn der Testosteronspiegel unter den Normalbereich f\u00e4llt, der je nach Laborstandards leicht schwankt.<\/p>\n<h2>Wie Cialis Original im K\u00f6rper wirkt<\/h2>\n<p>Cialis Original wirkt durch Hemmung der Phosphodiesterase Typ 5 (PDE5), einem Enzym, das in den glatten Muskelzellen vorkommt, die die Blutgef\u00e4\u00dfe des Penis auskleiden. Durch die Blockierung von PDE5 verst\u00e4rkt Cialis die Wirkung von Stickstoffmonoxid, einer nat\u00fcrlichen Chemikalie, die der K\u00f6rper produziert, um die Muskeln im Penis zu entspannen. Diese Entspannung erm\u00f6glicht eine erh\u00f6hte Durchblutung und erleichtert in Kombination mit sexueller Stimulation eine Erektion.<\/p>\n<p>Der Wirkungsmechanismus von Cialis \u00e4hnelt dem anderer PDE5-Hemmer, seine Besonderheit liegt jedoch in seiner verl\u00e4ngerten Halbwertszeit. Dies bedeutet, dass Cialis l\u00e4nger im K\u00f6rper aktiv bleibt als andere ED-Medikamente und eine gr\u00f6\u00dfere Spontaneit\u00e4t und Flexibilit\u00e4t bei sexuellen Aktivit\u00e4ten bietet. Dieses einzigartige Attribut macht es f\u00fcr viele Benutzer besonders attraktiv.<\/p>\n<h2>Die Beziehung zwischen Cialis und dem Testosteronspiegel<\/h2>\n<p>Der Zusammenhang zwischen Cialis und dem Testosteronspiegel ist komplex und nicht ganz einfach. W\u00e4hrend Cialis haupts\u00e4chlich auf das Gef\u00e4\u00dfsystem wirkt, um die Erektionsf\u00e4higkeit zu verbessern, hat es keinen direkten Einfluss auf die Testosteronproduktion oder den Testosteronspiegel. Es gibt jedoch einen indirekten Zusammenhang, der erw\u00e4hnenswert ist. Durch die Verbesserung der sexuellen Leistungsf\u00e4higkeit und Zufriedenheit kann Cialis psychologische Faktoren wie Selbstwertgef\u00fchl und Stimmung positiv beeinflussen, was wiederum den Testosteronspiegel beeinflussen kann.<\/p>\n<p>Einige Studien deuten darauf <a href=\"https:\/\/pillen-kurier.de\/cialis-original-kosten-ohne-rezept\">https:\/\/pillen-kurier.de\/cialis-original-kosten-ohne-rezept<\/a> hin, dass die durch Cialis erleichterte verbesserte sexuelle Aktivit\u00e4t zu einem leichten Anstieg des Testosteronspiegels f\u00fchren kann. Es wird angenommen, dass dies darauf zur\u00fcckzuf\u00fchren ist, dass regelm\u00e4\u00dfige sexuelle Aktivit\u00e4t die Testosteronproduktion auf nat\u00fcrliche Weise steigern kann. Dennoch sollte Cialis nicht als Ersatz f\u00fcr eine Testosteronersatztherapie bei Personen angesehen werden, bei denen ein klinisch niedriger Testosteronspiegel diagnostiziert wurde.<\/p>\n<h2>Kann Cialis Original die Symptome eines niedrigen Testosteronspiegels verbessern??<\/h2>\n<p>Obwohl Cialis nicht speziell zur Behandlung eines niedrigen Testosteronspiegels entwickelt wurde, kann es dabei helfen, einige damit verbundene Symptome zu lindern, insbesondere solche, die mit sexueller Dysfunktion zusammenh\u00e4ngen. Bei M\u00e4nnern, die aufgrund eines niedrigen Testosteronspiegels an erektiler Dysfunktion leiden, kann Cialis das Selbstvertrauen wiederherstellen und die sexuelle Gesundheit verbessern. Die psychologischen Vorteile einer verbesserten sexuellen Leistungsf\u00e4higkeit sollten nicht untersch\u00e4tzt werden, da sie zum allgemeinen Wohlbefinden beitragen k\u00f6nnen.<\/p>\n<p>Es ist jedoch wichtig zu beachten, dass Cialis nicht die Grundursache eines niedrigen Testosteronspiegels bek\u00e4mpft. M\u00e4nner mit Symptomen eines niedrigen Testosteronspiegels sollten eine umfassende Untersuchung durch einen Arzt einholen, um den am besten geeigneten Behandlungsplan zu ermitteln, der neben Cialis auch eine Testosteronersatztherapie umfassen kann, um optimale Ergebnisse zu erzielen.<\/p>\n<h2>M\u00f6gliche Nebenwirkungen der Verwendung von Cialis bei niedrigem Testosteronspiegel<\/h2>\n<p>Wenn die Verwendung von Cialis im Zusammenhang mit einem niedrigen Testosteronspiegel in Betracht gezogen wird, sollten m\u00f6gliche Nebenwirkungen sorgf\u00e4ltig abgewogen werden. Zu den h\u00e4ufigen Nebenwirkungen von Cialis geh\u00f6ren Kopfschmerzen, Verdauungsst\u00f6rungen, R\u00fcckenschmerzen, Muskelschmerzen und Hitzewallungen. Diese Nebenwirkungen sind im Allgemeinen mild und lassen tendenziell nach, wenn sich der K\u00f6rper an das Medikament gew\u00f6hnt.<\/p>\n<p>Bei M\u00e4nnern mit niedrigem Testosteronspiegel sollte die Entscheidung f\u00fcr die Verwendung von Cialis ein gr\u00fcndliches Gespr\u00e4ch mit einem Arzt umfassen, insbesondere wenn auch eine Testosteronersatztherapie in Betracht gezogen wird. Die Kombination von Behandlungen kann die Wahrscheinlichkeit von Nebenwirkungen erh\u00f6hen, und der individuelle Gesundheitszustand sollte beurteilt werden, um eine sichere und wirksame Anwendung von Cialis zu gew\u00e4hrleisten.<\/p>\n<h2>Vergleich von Cialis Original mit anderen Testosteronbehandlungen<\/h2>\n<p>Beim Vergleich von Cialis mit anderen Testosteronbehandlungen ist es wichtig zu verstehen, dass sie unterschiedlichen Zwecken dienen. W\u00e4hrend Cialis haupts\u00e4chlich zur Behandlung der erektilen Dysfunktion eingesetzt wird, zielt die Testosteronersatztherapie darauf ab, den Mangel des Hormons selbst zu beheben. Zu den g\u00e4ngigen Formen des Testosteronersatzes geh\u00f6ren Gele, Pflaster, Injektionen und Tabletten, jede mit ihren eigenen Vorteilen und \u00dcberlegungen.<\/p>\n<p>Cialis bietet den Vorteil, dass es die erektile Dysfunktion bek\u00e4mpft, ohne den Hormonspiegel direkt zu ver\u00e4ndern, was f\u00fcr M\u00e4nner von Vorteil sein kann, die sich lieber keiner Hormonbehandlung unterziehen m\u00f6chten. Bei Patienten mit klinisch niedrigem Testosteronspiegel kann jedoch eine Ersatztherapie erforderlich sein, um ein breiteres Spektrum von Symptomen zu lindern, die \u00fcber die sexuelle Leistungsf\u00e4higkeit hinausgehen. Die Wahl zwischen Cialis- und Testosteronbehandlungen sollte sich an den individuellen Gesundheitsbed\u00fcrfnissen und professioneller medizinischer Beratung orientieren.<\/p>\n<h2>Konsultation eines medizinischen Fachpersonals: Was Sie fragen sollten<\/h2>\n<p>Bevor Sie mit einer Behandlung mit Cialis oder einem Testosteronersatz beginnen, ist es wichtig, einen Arzt zu konsultieren. W\u00e4hrend dieser Konsultation sollten Patienten bereit sein, ihre Symptome im Detail zu besprechen, einschlie\u00dflich sexueller Gesundheitsprobleme und aller anderen m\u00f6glicherweise relevanten Gesundheitszust\u00e4nde. Es ist auch wichtig, aktuelle Medikamente und m\u00f6gliche Wechselwirkungen zu besprechen.<\/p>\n<p>Patienten sollten nach den erwarteten Vorteilen und Risiken der Anwendung von Cialis in Verbindung mit einer Testosterontherapie sowie nach etwaigen \u00c4nderungen des Lebensstils fragen, die die Wirksamkeit der Behandlung verbessern k\u00f6nnten. Das Verst\u00e4ndnis des gesamten Umfangs der Behandlungsm\u00f6glichkeiten und die individuelle Beratung k\u00f6nnen sich erheblich auf die Behandlungsergebnisse und die allgemeine Zufriedenheit auswirken.<\/p>\n<h2>\u00c4nderungen des Lebensstils zur Erg\u00e4nzung der Verwendung von Cialis<\/h2>\n<p>Zus\u00e4tzlich zu pharmakologischen Behandlungen k\u00f6nnen \u00c4nderungen des Lebensstils eine entscheidende Rolle bei der Behandlung der Symptome eines niedrigen Testosteronspiegels und der Steigerung der Wirksamkeit von Cialis spielen. Es hat sich beispielsweise gezeigt, dass regelm\u00e4\u00dfige k\u00f6rperliche Aktivit\u00e4t den Testosteronspiegel auf nat\u00fcrliche Weise steigert und die allgemeine Herz-Kreislauf-Gesundheit verbessert, was die Erektionsf\u00e4higkeit weiter unterst\u00fctzen kann.<\/p>\n<p>Eine ausgewogene, an essentiellen N\u00e4hrstoffen reiche Ern\u00e4hrung, ausreichend Schlaf und Stressbew\u00e4ltigung sind ebenfalls wichtige Bestandteile eines gesunden Lebensstils, die die Einnahme von Cialis erg\u00e4nzen k\u00f6nnen. Durch die \u00dcbernahme dieser Gewohnheiten k\u00f6nnen M\u00e4nner ihre allgemeine Gesundheit und ihr Wohlbefinden verbessern und m\u00f6glicherweise den Nutzen ihrer Medikamente verst\u00e4rken.<\/p>\n<h2>Dosierung und Verabreichung von Cialis bei niedrigem Testosteronspiegel<\/h2>\n<p>Die empfohlene Dosierung von Cialis bei erektiler Dysfunktion beginnt typischerweise bei 10 mg und wird vor der erwarteten sexuellen Aktivit\u00e4t eingenommen. Abh\u00e4ngig von der individuellen Reaktion und Vertr\u00e4glichkeit kann diese Dosierung von einem Arzt angepasst werden. F\u00fcr den t\u00e4glichen Gebrauch reicht eine geringere Dosis von 2.Um jederzeit f\u00fcr sexuelle Aktivit\u00e4ten bereit zu sein, werden h\u00e4ufig 5 bis 5 mg verschrieben.<\/p>\n<p>Bei Anwendung in Verbindung mit einer Behandlung mit niedrigem Testosteronspiegel ist es wichtig, den \u00e4rztlichen Rat bez\u00fcglich Dosierung und Verabreichung zu befolgen. Die Bed\u00fcrfnisse jedes Einzelnen k\u00f6nnen unterschiedlich sein, und ein ma\u00dfgeschneiderter Ansatz gew\u00e4hrleistet die besten Ergebnisse und minimiert gleichzeitig das Risiko von Nebenwirkungen. Zur Beurteilung der Wirksamkeit und Sicherheit des Behandlungsplans werden regelm\u00e4\u00dfige Nachsorgetermine empfohlen.<\/p>\n<h2>Patientenerfahrungen: Cialis und niedriger Testosteronspiegel<\/h2>\n<p>Die Erfahrungen der Patienten mit Cialis im Zusammenhang mit einem niedrigen Testosteronspiegel sind unterschiedlich und h\u00e4ngen h\u00e4ufig von individuellen Gesundheitsprofilen und Behandlungszielen ab. Viele M\u00e4nner berichten von erheblichen Verbesserungen der Sexualfunktion und der allgemeinen Lebensqualit\u00e4t und verweisen auf ein gesteigertes Selbstvertrauen und eine h\u00f6here Zufriedenheit in ihren intimen Beziehungen.<\/p>\n<p>Andere finden jedoch m\u00f6glicherweise, dass Cialis zwar bei erektiler Dysfunktion hilft, andere Symptome eines niedrigen Testosteronspiegels wie M\u00fcdigkeit oder Stimmungsschwankungen jedoch nicht vollst\u00e4ndig bek\u00e4mpft. Diese Erfahrungen unterstreichen die Bedeutung eines ganzheitlichen Behandlungsansatzes, bei dem Cialis als Teil einer umfassenderen, auf die individuellen Bed\u00fcrfnisse zugeschnittenen Strategie eingesetzt wird.<\/p>\n<h2>Forschungsstudien zur Wechselwirkung von Cialis und Testosteron<\/h2>\n<p>Die Forschung zur Wechselwirkung zwischen Cialis und Testosteron ist im Gange. In Studien werden die potenziellen Vorteile und Einschr\u00e4nkungen der Anwendung von Cialis bei Patienten mit niedrigem Testosteronspiegel untersucht. Einige Untersuchungen deuten darauf hin, dass Cialis die Wirkung einer Testosterontherapie verst\u00e4rken kann, insbesondere bei der Verbesserung der erektilen Funktion und der sexuellen Zufriedenheit.<\/p>\n<p>Allerdings sind umfassendere Studien erforderlich, um die langfristigen Auswirkungen und m\u00f6glichen Wechselwirkungen vollst\u00e4ndig zu verstehen. Aktuelle Erkenntnisse st\u00fctzen den Einsatz von Cialis als wirksame Behandlung von ED, mit oder ohne gleichzeitige Testosterontherapie, aber medizinisches Fachpersonal sollte \u00fcber neue Erkenntnisse informiert bleiben, um seinen Patienten die bestm\u00f6gliche Versorgung zu bieten.<\/p>\n<h2>Sicherheits\u00fcberlegungen f\u00fcr die Langzeitanwendung von Cialis<\/h2>\n<p>Die Langzeitanwendung von Cialis gilt im Allgemeinen f\u00fcr die meisten M\u00e4nner als sicher, sofern die Anwendung unter Anleitung eines medizinischen Fachpersonals erfolgt. Eine regelm\u00e4\u00dfige \u00dcberwachung ist von entscheidender Bedeutung, um sicherzustellen, dass das Medikament wirksam bleibt und m\u00f6gliche Nebenwirkungen umgehend behandelt werden.<\/p>\n<p>F\u00fcr M\u00e4nner mit chronischen Erkrankungen oder die Einnahme anderer Medikamente ist es besonders wichtig, das Risiko von Wechselwirkungen abzusch\u00e4tzen. Regelm\u00e4\u00dfige \u00dcberpr\u00fcfungen des Behandlungsplans k\u00f6nnen dabei helfen, auftretende gesundheitliche Bedenken auszur\u00e4umen und die Dosierungen nach Bedarf anzupassen, um die Sicherheit und Wirksamkeit langfristig aufrechtzuerhalten.<\/p>\n<h2>Zuk\u00fcnftige Entwicklungen in der erektilen Dysfunktion und Testosterontherapie<\/h2>\n<p>Das Gebiet der erektilen Dysfunktion und der Testosterontherapie entwickelt sich st\u00e4ndig weiter und es zeichnen sich neue Entwicklungen ab, die eine Verbesserung der Behandlungsm\u00f6glichkeiten f\u00fcr M\u00e4nner versprechen. Fortschritte bei Arzneimittelformulierungen und Verabreichungsmethoden werden untersucht, um die Wirksamkeit zu verbessern und Nebenwirkungen zu reduzieren.<\/p>\n<p>Dar\u00fcber hinaus k\u00f6nnte ein wachsendes Verst\u00e4ndnis der genetischen und molekularen Grundlagen dieser Erkrankungen zu personalisierteren Behandlungsans\u00e4tzen f\u00fchren. Mit fortschreitender Forschung besteht die Hoffnung, dass M\u00e4nner, die unter erektiler Dysfunktion und niedrigem Testosteronspiegel leiden, von innovativen Therapien profitieren, die bessere Ergebnisse und eine verbesserte Lebensqualit\u00e4t bieten.<\/p>\n","protected":false},"excerpt":{"rendered":"<p>Cialis Original und niedriger Testosteronspiegel: K\u00f6nnen Sie es verwenden?? Dieser Artikel untersucht das Zusammenspiel zwischen Cialis Original und niedrigem Testosteronspiegel und befasst sich mit deren Verwendung, Wirkung und m\u00f6glichen Vorteilen f\u00fcr die Gesundheit von M\u00e4nnern. Cialis Original verstehen: Verwendung und Vorteile Cialis Original, ein bekanntes Medikament in der Welt der Behandlung von erektiler Dysfunktion (ED), [&hellip;]<\/p>\n","protected":false},"author":1,"featured_media":0,"parent":0,"menu_order":0,"comment_status":"closed","ping_status":"closed","template":"","meta":{"footnotes":""},"class_list":["post-16664","page","type-page","status-publish","hentry"],"_links":{"self":[{"href":"http:\/\/haywire.pl\/index.php?rest_route=\/wp\/v2\/pages\/16664","targetHints":{"allow":["GET"]}}],"collection":[{"href":"http:\/\/haywire.pl\/index.php?rest_route=\/wp\/v2\/pages"}],"about":[{"href":"http:\/\/haywire.pl\/index.php?rest_route=\/wp\/v2\/types\/page"}],"author":[{"embeddable":true,"href":"http:\/\/haywire.pl\/index.php?rest_route=\/wp\/v2\/users\/1"}],"replies":[{"embeddable":true,"href":"http:\/\/haywire.pl\/index.php?rest_route=%2Fwp%2Fv2%2Fcomments&post=16664"}],"version-history":[{"count":1,"href":"http:\/\/haywire.pl\/index.php?rest_route=\/wp\/v2\/pages\/16664\/revisions"}],"predecessor-version":[{"id":16665,"href":"http:\/\/haywire.pl\/index.php?rest_route=\/wp\/v2\/pages\/16664\/revisions\/16665"}],"wp:attachment":[{"href":"http:\/\/haywire.pl\/index.php?rest_route=%2Fwp%2Fv2%2Fmedia&parent=16664"}],"curies":[{"name":"wp","href":"https:\/\/api.w.org\/{rel}","templated":true}]}}